{"id":1066,"date":"2021-06-20T10:06:19","date_gmt":"2021-06-20T09:06:19","guid":{"rendered":"https:\/\/mairie-saint-marcel.fr\/?page_id=1066"},"modified":"2022-12-22T11:17:58","modified_gmt":"2022-12-22T10:17:58","slug":"que-faire-dans-lain","status":"publish","type":"page","link":"https:\/\/mairie-saint-marcel.fr\/?page_id=1066","title":{"rendered":"Que faire dans l&rsquo;Ain?"},"content":{"rendered":"<div class=\"wp-block-image\">\n<figure class=\"alignright size-large is-resized\"><img loading=\"lazy\" decoding=\"async\" src=\"https:\/\/mairie-saint-marcel.fr\/wp-content\/uploads\/2021\/06\/Ain-outdoor.jpg\" alt=\"\" class=\"wp-image-1067\" width=\"279\" height=\"76\" srcset=\"https:\/\/mairie-saint-marcel.fr\/wp-content\/uploads\/2021\/06\/Ain-outdoor.jpg 600w, https:\/\/mairie-saint-marcel.fr\/wp-content\/uploads\/2021\/06\/Ain-outdoor-300x82.jpg 300w, https:\/\/mairie-saint-marcel.fr\/wp-content\/uploads\/2021\/06\/Ain-outdoor-140x38.jpg 140w\" sizes=\"auto, (max-width: 279px) 100vw, 279px\" \/><\/figure>\n<\/div>\n\n\n<h4 class=\"wp-block-heading\">Envie de randonner, p\u00e9daler, sortir? <\/h4>\n\n\n\n<h4 class=\"wp-block-heading\">Aller sur <a rel=\"noreferrer noopener\" href=\"https:\/\/ain-outdoor.com\/fr\/\" target=\"_blank\">https:\/\/ain-outdoor.com\/fr\/<\/a><\/h4>\n\n\n\n<p>D\u00e9couvrez le territoire avec l&rsquo;application mobile<\/p>\n\n\n\n<p>T\u00e9l\u00e9chargez l&rsquo;application ain-outdoor : Version pour&nbsp;<strong><a rel=\"noreferrer noopener\" href=\"https:\/\/play.google.com\/store\/apps\/details?id=com.outdooractive.ain\" target=\"_blank\">Android<\/a><\/strong> Version pour&nbsp;<strong><a rel=\"noreferrer noopener\" href=\"https:\/\/apps.apple.com\/fr\/app\/ain-outdoor\/id1567540415\" target=\"_blank\">iOS<\/a><\/strong><\/p>\n\n\n\n<h4 class=\"wp-block-heading\">Et ne ratez aucun \u00e9v\u00e8nement dans la Dombes:<\/h4>\n\n\n<div class=\"wp-block-image\">\n<figure class=\"alignleft size-large is-resized\"><img loading=\"lazy\" decoding=\"async\" src=\"http:\/\/mairie-saint-marcel.fr\/wp-content\/uploads\/2021\/01\/logo-ccdombes.png\" alt=\"\" class=\"wp-image-439\" width=\"297\" height=\"48\" srcset=\"https:\/\/mairie-saint-marcel.fr\/wp-content\/uploads\/2021\/01\/logo-ccdombes.png 563w, https:\/\/mairie-saint-marcel.fr\/wp-content\/uploads\/2021\/01\/logo-ccdombes-300x48.png 300w, https:\/\/mairie-saint-marcel.fr\/wp-content\/uploads\/2021\/01\/logo-ccdombes-140x23.png 140w\" sizes=\"auto, (max-width: 297px) 100vw, 297px\" \/><\/figure>\n<\/div>\n\n\n<p><a href=\"https:\/\/www.ccdombes.fr\/decouvrir\/evenements\/\">https:\/\/www.ccdombes.fr\/decouvrir\/evenements\/<\/a><\/p>\n\n\n\n<p><\/p>\n\n\n<div class=\"wp-block-image\">\n<figure class=\"alignleft size-full is-resized\"><img loading=\"lazy\" decoding=\"async\" src=\"https:\/\/mairie-saint-marcel.fr\/wp-content\/uploads\/2022\/12\/dombes-tourisme.png\" alt=\"\" class=\"wp-image-1924\" width=\"121\" height=\"121\" srcset=\"https:\/\/mairie-saint-marcel.fr\/wp-content\/uploads\/2022\/12\/dombes-tourisme.png 225w, https:\/\/mairie-saint-marcel.fr\/wp-content\/uploads\/2022\/12\/dombes-tourisme-150x150.png 150w, https:\/\/mairie-saint-marcel.fr\/wp-content\/uploads\/2022\/12\/dombes-tourisme-140x140.png 140w\" sizes=\"auto, (max-width: 121px) 100vw, 121px\" \/><\/figure>\n<\/div>\n\n\n<p><a rel=\"noreferrer noopener\" href=\"https:\/\/www.dombes-tourisme.com\/\" target=\"_blank\">https:\/\/www.dombes-tourisme.com\/<\/a><\/p>\n","protected":false},"excerpt":{"rendered":"<p>Envie de randonner, p\u00e9daler, sortir? Aller sur https:\/\/ain-outdoor.com\/fr\/ D\u00e9couvrez le territoire avec l&rsquo;application mobile T\u00e9l\u00e9chargez l&rsquo;application ain-outdoor : Version pour&nbsp;Android Version pour&nbsp;iOS Et ne ratez aucun \u00e9v\u00e8nement dans la Dombes:&hellip;<\/p>\n","protected":false},"author":3,"featured_media":0,"parent":0,"menu_order":0,"comment_status":"closed","ping_status":"closed","template":"","meta":{"footnotes":""},"class_list":["post-1066","page","type-page","status-publish","hentry"],"_links":{"self":[{"href":"https:\/\/mairie-saint-marcel.fr\/index.php?rest_route=\/wp\/v2\/pages\/1066","targetHints":{"allow":["GET"]}}],"collection":[{"href":"https:\/\/mairie-saint-marcel.fr\/index.php?rest_route=\/wp\/v2\/pages"}],"about":[{"href":"https:\/\/mairie-saint-marcel.fr\/index.php?rest_route=\/wp\/v2\/types\/page"}],"author":[{"embeddable":true,"href":"https:\/\/mairie-saint-marcel.fr\/index.php?rest_route=\/wp\/v2\/users\/3"}],"replies":[{"embeddable":true,"href":"https:\/\/mairie-saint-marcel.fr\/index.php?rest_route=%2Fwp%2Fv2%2Fcomments&post=1066"}],"version-history":[{"count":4,"href":"https:\/\/mairie-saint-marcel.fr\/index.php?rest_route=\/wp\/v2\/pages\/1066\/revisions"}],"predecessor-version":[{"id":1925,"href":"https:\/\/mairie-saint-marcel.fr\/index.php?rest_route=\/wp\/v2\/pages\/1066\/revisions\/1925"}],"wp:attachment":[{"href":"https:\/\/mairie-saint-marcel.fr\/index.php?rest_route=%2Fwp%2Fv2%2Fmedia&parent=1066"}],"curies":[{"name":"wp","href":"https:\/\/api.w.org\/{rel}","templated":true}]}}