{"id":3152,"date":"2025-04-03T09:53:36","date_gmt":"2025-04-03T08:53:36","guid":{"rendered":"https:\/\/mairie-saint-marcel.fr\/?page_id=3152"},"modified":"2026-03-28T08:43:31","modified_gmt":"2026-03-28T07:43:31","slug":"2025-2","status":"publish","type":"page","link":"https:\/\/mairie-saint-marcel.fr\/?page_id=3152","title":{"rendered":"2025"},"content":{"rendered":"\n<p><strong>MARS<\/strong><a href=\"http:\/\/mairie-saint-marcel.fr\/images\/arretesprefectoraux\/arrete_modification_interet_communautaire.pdf\" target=\"_blank\" rel=\"noreferrer noopener\"><\/a><\/p>\n\n\n\n<ul class=\"wp-block-list\">\n<li><a href=\"http:\/\/mairie-saint-marcel.fr\/images\/arretesprefectoraux\/arrete_modification_interet_communautaire.pdf\" target=\"_blank\" rel=\"noreferrer noopener\">ARR\u00caT\u00c9 portant modification de l&rsquo;int\u00e9r\u00eat communautaire de la communaut\u00e9 de communes de la Dombes<\/a><\/li>\n<\/ul>\n\n\n\n<p><strong>AVRIL<\/strong><\/p>\n\n\n\n<ul class=\"wp-block-list\">\n<li><a href=\"http:\/\/mairie-saint-marcel.fr\/images\/arretesprefectoraux\/arrete_capture_poissons_04_2025.pdf\" target=\"_blank\" rel=\"noreferrer noopener\">ARR\u00caT\u00c9 autorisant la capture et le transport de poissons et crustac\u00e9s \u00e0 des fins sanitaires, scientifiques et \u00e9cologiques<\/a><\/li>\n\n\n\n<li><a href=\"http:\/\/mairie-saint-marcel.fr\/images\/arretesprefectoraux\/arrete_campagne_cynegetique.pdf\" target=\"_blank\" rel=\"noreferrer noopener\">ARR\u00caT\u00c9 relatif \u00e0 la campagne cyn\u00e9g\u00e9tique 2025-2026<\/a><\/li>\n\n\n\n<li><a href=\"http:\/\/mairie-saint-marcel.fr\/images\/arretesprefectoraux\/arrete_tir_chevreuil_grenaille.pdf\" target=\"_blank\" rel=\"noreferrer noopener\">ARR\u00caT\u00c9 autorisant le tir du chevreuil \u00e0 la grenaille dans le d\u00e9partement de l\u2019Ain pour la campagne cyn\u00e9g\u00e9tique 2025-2026<\/a><\/li>\n\n\n\n<li><a href=\"http:\/\/mairie-saint-marcel.fr\/images\/arretesprefectoraux\/arrete_prelevements_gibier.pdf\" target=\"_blank\" rel=\"noreferrer noopener\">ARR\u00caT\u00c9 fixant le nombre minimal et le nombre maximal d\u2019animaux \u00e0 pr\u00e9lever dans le cadre de la saison cyn\u00e9g\u00e9tique 2025-2026 pour les esp\u00e8ces de grand gibier soumises \u00e0 plan de chasse dans le d\u00e9partement de l\u2019Ain<\/a><\/li>\n<\/ul>\n\n\n\n<p><strong>JUIN<\/strong><\/p>\n\n\n\n<ul class=\"wp-block-list\">\n<li><a href=\"https:\/\/mairie-saint-marcel.fr\/images\/arretesprefectoraux\/arrete_modif_nombre_animaux_prelever_cynegetique.pdf\" target=\"_blank\" rel=\"noreferrer noopener\">ARR\u00caT\u00c9 PR\u00c9FECTORAL portant modification de l\u2019arr\u00eat\u00e9 pr\u00e9fectoral du 29 avril 2025 &#8211; nombre d\u2019animaux \u00e0 pr\u00e9lever dans le cadre de la saison cyn\u00e9g\u00e9tique 2025-2026 pour les esp\u00e8ces de grand gibier soumises \u00e0 plan de chasse<\/a><\/li>\n\n\n\n<li><a href=\"https:\/\/mairie-saint-marcel.fr\/images\/arretesprefectoraux\/arrete_modif_campagne_cynegetique.pdf\" target=\"_blank\" rel=\"noreferrer noopener\">ARR\u00caT\u00c9 PR\u00c9FECTORAL portant modification de l\u2019arr\u00eat\u00e9 pr\u00e9fectoral du 17 avril 2025 relatif \u00e0 la campagne cyn\u00e9g\u00e9tique 2025-2026 dans le d\u00e9partement de l\u2019Ain<\/a><\/li>\n\n\n\n<li><a href=\"https:\/\/mairie-saint-marcel.fr\/images\/arretesprefectoraux\/arrete_regulation_espece_blaireau.pdf\" target=\"_blank\" rel=\"noreferrer noopener\">ARR\u00caT\u00c9 PR\u00c9FECTORAL portant sur la r\u00e9gulation de l\u2019esp\u00e8ce Blaireau par les lieutenants de louveterie en tir de nuit et \u00e0 l\u2019aide de pi\u00e8ges homologu\u00e9s dans le d\u00e9partement de l\u2019Ain<\/a><\/li>\n<\/ul>\n\n\n\n<p><strong>JUILLET<\/strong><\/p>\n\n\n\n<ul class=\"wp-block-list\">\n<li><a href=\"http:\/\/mairie-saint-marcel.fr\/images\/arretesprefectoraux\/arrete_maxima_minima_prix_fermages_2025.pdf\" target=\"_blank\" rel=\"noreferrer noopener\">ARR\u00caT\u00c9 actualisant les maxima et minima relatifs au prix des fermages 2025<\/a><\/li>\n<\/ul>\n\n\n\n<p><strong>AO\u00dbT<\/strong><\/p>\n\n\n\n<ul class=\"wp-block-list\">\n<li><a href=\"https:\/\/mairie-saint-marcel.fr\/images\/arretesprefectoraux\/arrete_DNCB.pdf\" target=\"_blank\" rel=\"noreferrer noopener\">ARR\u00caT\u00c9 PR\u00c9FECTORAL D\u00e9terminant une zone r\u00e9glement\u00e9e suite \u00e0 un foyer de dermatose nodulaire contagieuse bovine (DNCB)<\/a> &#8211; <a href=\"http:\/\/mairie-saint-marcel.fr\/images\/arretesprefectoraux\/arrete_DNCB_1.jpeg\" target=\"_blank\" rel=\"noreferrer noopener\">zones r\u00e9glement\u00e9es<\/a> &#8211; <a href=\"http:\/\/mairie-saint-marcel.fr\/images\/arretesprefectoraux\/arrete_DNCB_2.jpg\" target=\"_blank\" rel=\"noreferrer noopener\">carte communes<\/a><\/li>\n\n\n\n<li><a href=\"https:\/\/mairie-saint-marcel.fr\/images\/arretesprefectoraux\/arrete_bureaux%20vote_2026.pdf\" target=\"_blank\" rel=\"noreferrer noopener\">ARR\u00caT\u00c9 PR\u00c9FECTORAL fixant la r\u00e9partition des bureaux de vote dans l&rsquo;Ain<\/a><\/li>\n\n\n\n<li><a href=\"http:\/\/mairie-saint-marcel.fr\/images\/arretesprefectoraux\/arrete_usage_carabine22LR.pdf\" target=\"_blank\" rel=\"noreferrer noopener\">ARR\u00caTE PR\u00c9FECTORAL r\u00e9glementant l\u2019usage de la carabine 22 Long Rifle dans le d\u00e9partement de l\u2019Ain<\/a><\/li>\n<\/ul>\n\n\n\n<p><strong>SEPTEMBRE<\/strong><\/p>\n\n\n\n<ul class=\"wp-block-list\">\n<li><a href=\"http:\/\/mairie-saint-marcel.fr\/images\/arretesprefectoraux\/arrete_zone_reglementee.pdf\" target=\"_blank\" rel=\"noreferrer noopener\">ARR\u00caTE PR\u00c9FECTORAL d\u00e9terminant une zone r\u00e9glement\u00e9e suite \u00e0 un foyer de dermatose nodulaire contagieuse bovine (DNCB) survenu dans le d\u00e9partement du Rh\u00f4ne<\/a><\/li>\n\n\n\n<li><a href=\"http:\/\/mairie-saint-marcel.fr\/images\/arretesprefectoraux\/arrete_zone_reglementee1.pdf\" target=\"_blank\" rel=\"noreferrer noopener\">ARR\u00caTE PR\u00c9FECTORAL d\u00e9terminant une zone r\u00e9glement\u00e9e suite \u00e0 un foyer de dermatose nodulaire contagieuse bovine (DNCB)<\/a><\/li>\n\n\n\n<li><a href=\"http:\/\/mairie-saint-marcel.fr\/images\/arretesprefectoraux\/modif_zone reglementee_22_09_2025.pdf\" target=\"_blank\" rel=\"noreferrer noopener\">ARR\u00caTE PR\u00c9FECTORAL du 22 septembre 2025 portant modification du zonage r\u00e9glementaire suite \u00e0 la d\u00e9tection d&rsquo;un foyer de dermatose nodulaire contagieuse bovine (DNCB) survenu dans le d\u00e9partement du Rh\u00f4ne<\/a><\/li>\n\n\n\n<li><a href=\"http:\/\/mairie-saint-marcel.fr\/images\/arretesprefectoraux\/arrete_composition_conseil_ccd.pdf\" target=\"_blank\" rel=\"noreferrer noopener\">ARR\u00caT\u00c9 PR\u00c9FECTORAL du 22 septembre 2025 constatant la composition du conseil de la communaut\u00e9 de communes de la Dombes<\/a><\/li>\n<\/ul>\n\n\n\n<p><strong>OCTOBRE<\/strong><\/p>\n\n\n\n<ul class=\"wp-block-list\">\n<li><a href=\"http:\/\/mairie-saint-marcel.fr\/images\/arretesprefectoraux\/arrete_determinant_zone_dermatose_nodulaire_bovine.pdf\" target=\"_blank\" rel=\"noreferrer noopener\">ARR\u00caT\u00c9 PR\u00c9FECTORAL n\u00b0DDPP01-25-373 D\u00e9terminant une zone r\u00e9glement\u00e9e suite aux foyers de dermatose nodulaire contagieuse bovine (DNCB) survenus dans l&rsquo;Ain, la Savoie et la Haute-Savoie<\/a><\/li>\n\n\n\n<li><a href=\"http:\/\/mairie-saint-marcel.fr\/images\/arretesprefectoraux\/arrete_liste_conseillers_ain_modif1.pdf\" target=\"_blank\" rel=\"noreferrer noopener\">ARR\u00caT\u00c9 MODIFICATIF portant sur la liste des personnes habilit\u00e9es \u00e0 assister, sur demande, un salari\u00e9 \u00e0 un entretien pr\u00e9alable dans le cadre de la proc\u00e9dure de licenciement ou de rupture conventionnelle<\/a><\/li>\n<\/ul>\n\n\n\n<p><strong>NOVEMBRE<\/strong><\/p>\n\n\n\n<ul class=\"wp-block-list\">\n<li><a href=\"http:\/\/mairie-saint-marcel.fr\/images\/arretesprefectoraux\/arrete_modificatif_commission_contr\u00f4le_24_11_25.pdf\" target=\"_blank\" rel=\"noreferrer noopener\">ARR\u00caT\u00c9 PR\u00c9FECTORAL modificatif du 24\/11\/2025 portant nomination des membres des commissions de contr\u00f4le charg\u00e9es de la r\u00e9gularit\u00e9 des listes \u00e9lectorales dans chaque commune du d\u00e9partement de l&rsquo;Ain<\/a><a href=\"http:\/\/mairie-saint-marcel.fr\/images\/arretesprefectoraux\/annexe_commission_contr\u00f4le_24_11_25.pdf\" target=\"_blank\" rel=\"noreferrer noopener\"> + Annexe<\/a><\/li>\n<\/ul>\n\n\n\n<p><\/p>\n\n\n\n<p><\/p>\n\n\n\n<p><\/p>\n","protected":false},"excerpt":{"rendered":"<p>MARS AVRIL JUIN JUILLET AO\u00dbT SEPTEMBRE OCTOBRE NOVEMBRE<\/p>\n","protected":false},"author":3,"featured_media":0,"parent":0,"menu_order":0,"comment_status":"closed","ping_status":"closed","template":"","meta":{"footnotes":""},"class_list":["post-3152","page","type-page","status-publish","hentry"],"_links":{"self":[{"href":"https:\/\/mairie-saint-marcel.fr\/index.php?rest_route=\/wp\/v2\/pages\/3152","targetHints":{"allow":["GET"]}}],"collection":[{"href":"https:\/\/mairie-saint-marcel.fr\/index.php?rest_route=\/wp\/v2\/pages"}],"about":[{"href":"https:\/\/mairie-saint-marcel.fr\/index.php?rest_route=\/wp\/v2\/types\/page"}],"author":[{"embeddable":true,"href":"https:\/\/mairie-saint-marcel.fr\/index.php?rest_route=\/wp\/v2\/users\/3"}],"replies":[{"embeddable":true,"href":"https:\/\/mairie-saint-marcel.fr\/index.php?rest_route=%2Fwp%2Fv2%2Fcomments&post=3152"}],"version-history":[{"count":111,"href":"https:\/\/mairie-saint-marcel.fr\/index.php?rest_route=\/wp\/v2\/pages\/3152\/revisions"}],"predecessor-version":[{"id":3838,"href":"https:\/\/mairie-saint-marcel.fr\/index.php?rest_route=\/wp\/v2\/pages\/3152\/revisions\/3838"}],"wp:attachment":[{"href":"https:\/\/mairie-saint-marcel.fr\/index.php?rest_route=%2Fwp%2Fv2%2Fmedia&parent=3152"}],"curies":[{"name":"wp","href":"https:\/\/api.w.org\/{rel}","templated":true}]}}