{"id":3619,"date":"2025-12-13T10:20:32","date_gmt":"2025-12-13T09:20:32","guid":{"rendered":"https:\/\/mairie-saint-marcel.fr\/?page_id=3619"},"modified":"2026-04-23T10:52:04","modified_gmt":"2026-04-23T09:52:04","slug":"proces-verbaux-et-deliberations-des-conseils-municipaux-2026","status":"publish","type":"page","link":"https:\/\/mairie-saint-marcel.fr\/?page_id=3619","title":{"rendered":"Proc\u00e8s verbaux et d\u00e9lib\u00e9rations des conseils municipaux 2026"},"content":{"rendered":"\n<p>Janvier : <a href=\"http:\/\/mairie-saint-marcel.fr\/images\/ConseilMunicipal\/2025\/cr_01_2026.pdf\" target=\"_blank\" rel=\"noreferrer noopener\">PV<\/a> et <a href=\"http:\/\/mairie-saint-marcel.fr\/images\/ConseilMunicipal\/2025\/delib_01_2026.pdf\" target=\"_blank\" rel=\"noreferrer noopener\">liste des d\u00e9lib\u00e9rations<\/a><\/p>\n\n\n\n<p>F\u00e9vrier : PAS DE CONSEIL<\/p>\n\n\n\n<p>Mars : PV du <a href=\"\/images\/ConseilMunicipal\/2026\/cr_03.03.2026.pdf\" target=\"_blank\" rel=\"noreferrer noopener\">03\/03\/2026<\/a> et du <a href=\"\/images\/ConseilMunicipal\/2026\/cr_21.03.2026.pdf\" target=\"_blank\" rel=\"noreferrer noopener\">21\/03\/2026<\/a> et <a href=\"http:\/\/mairie-saint-marcel.fr\/images\/ConseilMunicipal\/2026\/delib_03_2026.pdf\" target=\"_blank\" rel=\"noreferrer noopener\">liste des d\u00e9lib\u00e9rations<\/a><\/p>\n\n\n\n<p>Avril : PV (\u00e0 venir) et <a href=\"\/images\/ConseilMunicipal\/2026\/delib_07_04_2026.pdf\" target=\"_blank\" rel=\"noreferrer noopener\">liste des d\u00e9lib\u00e9rations du 07\/04\/2026<\/a> et <a href=\"\/images\/ConseilMunicipal\/2026\/delib_21_04_2026.pdf\" target=\"_blank\" rel=\"noreferrer noopener\">liste des d\u00e9lib\u00e9rations du 21\/04\/2026<\/a><\/p>\n\n\n\n<p><\/p>\n","protected":false},"excerpt":{"rendered":"<p>Janvier : PV et liste des d\u00e9lib\u00e9rations F\u00e9vrier : PAS DE CONSEIL Mars : PV du 03\/03\/2026 et du 21\/03\/2026 et liste des d\u00e9lib\u00e9rations Avril : PV (\u00e0 venir) et&hellip;<\/p>\n","protected":false},"author":3,"featured_media":0,"parent":0,"menu_order":0,"comment_status":"closed","ping_status":"closed","template":"","meta":{"footnotes":""},"class_list":["post-3619","page","type-page","status-publish","hentry"],"_links":{"self":[{"href":"https:\/\/mairie-saint-marcel.fr\/index.php?rest_route=\/wp\/v2\/pages\/3619","targetHints":{"allow":["GET"]}}],"collection":[{"href":"https:\/\/mairie-saint-marcel.fr\/index.php?rest_route=\/wp\/v2\/pages"}],"about":[{"href":"https:\/\/mairie-saint-marcel.fr\/index.php?rest_route=\/wp\/v2\/types\/page"}],"author":[{"embeddable":true,"href":"https:\/\/mairie-saint-marcel.fr\/index.php?rest_route=\/wp\/v2\/users\/3"}],"replies":[{"embeddable":true,"href":"https:\/\/mairie-saint-marcel.fr\/index.php?rest_route=%2Fwp%2Fv2%2Fcomments&post=3619"}],"version-history":[{"count":12,"href":"https:\/\/mairie-saint-marcel.fr\/index.php?rest_route=\/wp\/v2\/pages\/3619\/revisions"}],"predecessor-version":[{"id":3897,"href":"https:\/\/mairie-saint-marcel.fr\/index.php?rest_route=\/wp\/v2\/pages\/3619\/revisions\/3897"}],"wp:attachment":[{"href":"https:\/\/mairie-saint-marcel.fr\/index.php?rest_route=%2Fwp%2Fv2%2Fmedia&parent=3619"}],"curies":[{"name":"wp","href":"https:\/\/api.w.org\/{rel}","templated":true}]}}

Procès verbaux et délibérations des conseils municipaux 2026

<p>Janvier : <a href="http://mairie-saint-marcel.fr/images/ConseilMunicipal/2025/cr_01_2026.pdf" target="_blank" rel="noreferrer noopener">PV</a> et <a href="http://mairie-saint-marcel.fr/images/ConseilMunicipal/2025/delib_01_2026.pdf" target="_blank" rel="noreferrer noopener">liste des délibérations</a></p>



<p>Février : PAS DE CONSEIL</p>



<p>Mars : PV du <a href="/images/ConseilMunicipal/2026/cr_03.03.2026.pdf" target="_blank" rel="noreferrer noopener">03/03/2026</a> et du <a href="/images/ConseilMunicipal/2026/cr_21.03.2026.pdf" target="_blank" rel="noreferrer noopener">21/03/2026</a> et <a href="http://mairie-saint-marcel.fr/images/ConseilMunicipal/2026/delib_03_2026.pdf" target="_blank" rel="noreferrer noopener">liste des délibérations</a></p>



<p>Avril : PV (à venir) et <a href="/images/ConseilMunicipal/2026/delib_07_04_2026.pdf" target="_blank" rel="noreferrer noopener">liste des délibérations du 07/04/2026</a> et <a href="/images/ConseilMunicipal/2026/delib_21_04_2026.pdf" target="_blank" rel="noreferrer noopener">liste des délibérations du 21/04/2026</a></p>



<p></p>

<p>Janvier : PV et liste des délibérations Février : PAS DE CONSEIL Mars : PV du 03/03/2026 et du 21/03/2026 et liste des délibérations Avril : PV (à venir) et&hellip;</p>
