{"id":405,"date":"2021-01-06T13:15:27","date_gmt":"2021-01-06T12:15:27","guid":{"rendered":"http:\/\/mairie-saint-marcel.fr\/?page_id=405"},"modified":"2025-08-01T12:18:48","modified_gmt":"2025-08-01T11:18:48","slug":"restaurant-scolaire","status":"publish","type":"page","link":"https:\/\/mairie-saint-marcel.fr\/?page_id=405","title":{"rendered":"Restaurant Scolaire"},"content":{"rendered":"\n<figure class=\"wp-block-image size-large is-resized\"><img loading=\"lazy\" decoding=\"async\" width=\"1024\" height=\"768\" src=\"http:\/\/mairie-saint-marcel.fr\/wp-content\/uploads\/2021\/01\/photo-1-1024x768.jpg\" alt=\"\" class=\"wp-image-406\" style=\"width:332px;height:249px\" srcset=\"https:\/\/mairie-saint-marcel.fr\/wp-content\/uploads\/2021\/01\/photo-1-1024x768.jpg 1024w, https:\/\/mairie-saint-marcel.fr\/wp-content\/uploads\/2021\/01\/photo-1-300x225.jpg 300w, https:\/\/mairie-saint-marcel.fr\/wp-content\/uploads\/2021\/01\/photo-1-768x576.jpg 768w, https:\/\/mairie-saint-marcel.fr\/wp-content\/uploads\/2021\/01\/photo-1-1536x1152.jpg 1536w, https:\/\/mairie-saint-marcel.fr\/wp-content\/uploads\/2021\/01\/photo-1-140x105.jpg 140w, https:\/\/mairie-saint-marcel.fr\/wp-content\/uploads\/2021\/01\/photo-1.jpg 2016w\" sizes=\"auto, (max-width: 1024px) 100vw, 1024px\" \/><\/figure>\n\n\n\n<p class=\"has-text-align-left\"><strong>Le restaurant scolaire accueille, chaque jours, les enfants de l&rsquo;\u00e9cole. <\/strong><\/p>\n\n\n\n<p class=\"has-text-align-left\"><strong>INFORMATION IMPORTANTE : <\/strong>\u00e0 partir de la rentr\u00e9e 2025-2026, les inscriptions au restaurant scolaire se feront via le site <strong><a href=\"https:\/\/www.dombesconnect.fr\/\" target=\"_blank\" rel=\"noreferrer noopener\">DOMBES CONNECT<\/a><\/strong><\/p>\n\n\n\n<p>Vous trouverez <a href=\"http:\/\/mairie-saint-marcel.fr\/images\/VieScolaire\/restaurant\/2025_2026\/tutoriel_dombes_connect.pdf\" target=\"_blank\" rel=\"noreferrer noopener\">ici<\/a> le guide de l&rsquo;utilisation de DOMBES CONNECT<\/p>\n\n\n\n<ul class=\"wp-block-list\">\n<li><a href=\"http:\/\/mairie-saint-marcel.fr\/images\/VieScolaire\/restaurant\/2025_2026\/reglement_restaurant_scolaire10072025.pdf\" target=\"_blank\" rel=\"noreferrer noopener\"><strong>Nouveau<\/strong> r\u00e8glement int\u00e9rieur du restaurant scolaire<\/a><\/li>\n<\/ul>\n\n\n\n<p><strong>ATTENTION :<\/strong> Nous n&rsquo;intervenons pas sur vos modifications (inscriptions\/d\u00e9sinscriptions). Nous vous invitons donc \u00e0 les faire via \u00ab&nbsp;DOMBES CONNECT&nbsp;\u00bb : <\/p>\n\n\n\n<p>En cas de pr\u00e9sence exceptionnelle d\u2019un enfant (externe), la date limite de r\u00e9servation est de 2 jours ouvr\u00e9s avant la prise de repas (sous r\u00e9serve de places disponibles). Pour les r\u00e9servations des repas du&nbsp;:<\/p>\n\n\n\n<ul class=\"wp-block-list\">\n<li>vendredi, la date limite est le mercredi avant 10 heures.<\/li>\n\n\n\n<li>lundi, la date limite est le jeudi pr\u00e9c\u00e9dent avant 10 heures&nbsp;;<\/li>\n\n\n\n<li>mardi, la date limite est le vendredi avant 10 heures&nbsp;;<\/li>\n\n\n\n<li>jeudi la date limite est le mardi avant 10 heures&nbsp;;<\/li>\n<\/ul>\n\n\n\n<p><\/p>\n\n\n\n<p><\/p>\n\n\n<div class=\"wp-block-image\">\n<figure class=\"alignright size-large is-resized\"><img loading=\"lazy\" decoding=\"async\" width=\"1024\" height=\"768\" src=\"http:\/\/mairie-saint-marcel.fr\/wp-content\/uploads\/2021\/01\/photo-2-1024x768.jpg\" alt=\"\" class=\"wp-image-410\" style=\"aspect-ratio:1.3315217391304348;width:354px;height:auto\" srcset=\"https:\/\/mairie-saint-marcel.fr\/wp-content\/uploads\/2021\/01\/photo-2-1024x768.jpg 1024w, https:\/\/mairie-saint-marcel.fr\/wp-content\/uploads\/2021\/01\/photo-2-300x225.jpg 300w, https:\/\/mairie-saint-marcel.fr\/wp-content\/uploads\/2021\/01\/photo-2-768x576.jpg 768w, https:\/\/mairie-saint-marcel.fr\/wp-content\/uploads\/2021\/01\/photo-2-1536x1152.jpg 1536w, https:\/\/mairie-saint-marcel.fr\/wp-content\/uploads\/2021\/01\/photo-2-140x105.jpg 140w, https:\/\/mairie-saint-marcel.fr\/wp-content\/uploads\/2021\/01\/photo-2.jpg 2016w\" sizes=\"auto, (max-width: 1024px) 100vw, 1024px\" \/><\/figure>\n<\/div>\n\n\n<p>La mairie s&rsquo;investit r\u00e9guli\u00e8rement dans l&rsquo;am\u00e9lioration des conditions de restauration (purificateur d&rsquo;air, avertisseur de niveau sonore)<\/p>\n\n\n<div class=\"wp-block-image\">\n<figure class=\"alignleft size-large is-resized\"><img loading=\"lazy\" decoding=\"async\" width=\"768\" height=\"1024\" src=\"https:\/\/mairie-saint-marcel.fr\/wp-content\/uploads\/2021\/05\/purificateur-768x1024.jpg\" alt=\"\" class=\"wp-image-927\" style=\"aspect-ratio:0.7514450867052023;width:218px;height:auto\" srcset=\"https:\/\/mairie-saint-marcel.fr\/wp-content\/uploads\/2021\/05\/purificateur-768x1024.jpg 768w, https:\/\/mairie-saint-marcel.fr\/wp-content\/uploads\/2021\/05\/purificateur-225x300.jpg 225w, https:\/\/mairie-saint-marcel.fr\/wp-content\/uploads\/2021\/05\/purificateur-1152x1536.jpg 1152w, https:\/\/mairie-saint-marcel.fr\/wp-content\/uploads\/2021\/05\/purificateur-140x187.jpg 140w, https:\/\/mairie-saint-marcel.fr\/wp-content\/uploads\/2021\/05\/purificateur-rotated.jpg 1224w\" sizes=\"auto, (max-width: 768px) 100vw, 768px\" \/><\/figure>\n<\/div>\n\n\n<figure class=\"wp-block-image size-large is-resized\"><img loading=\"lazy\" decoding=\"async\" width=\"843\" height=\"1024\" src=\"https:\/\/mairie-saint-marcel.fr\/wp-content\/uploads\/2021\/05\/sonde-audio-843x1024.jpg\" alt=\"\" class=\"wp-image-928\" style=\"width:162px;height:197px\" srcset=\"https:\/\/mairie-saint-marcel.fr\/wp-content\/uploads\/2021\/05\/sonde-audio-843x1024.jpg 843w, https:\/\/mairie-saint-marcel.fr\/wp-content\/uploads\/2021\/05\/sonde-audio-247x300.jpg 247w, https:\/\/mairie-saint-marcel.fr\/wp-content\/uploads\/2021\/05\/sonde-audio-768x933.jpg 768w, https:\/\/mairie-saint-marcel.fr\/wp-content\/uploads\/2021\/05\/sonde-audio-1265x1536.jpg 1265w, https:\/\/mairie-saint-marcel.fr\/wp-content\/uploads\/2021\/05\/sonde-audio-140x170.jpg 140w, https:\/\/mairie-saint-marcel.fr\/wp-content\/uploads\/2021\/05\/sonde-audio.jpg 1283w\" sizes=\"auto, (max-width: 843px) 100vw, 843px\" \/><\/figure>\n\n\n\n<p><\/p>\n","protected":false},"excerpt":{"rendered":"<p>Le restaurant scolaire accueille, chaque jours, les enfants de l&rsquo;\u00e9cole. INFORMATION IMPORTANTE : \u00e0 partir de la rentr\u00e9e 2025-2026, les inscriptions au restaurant scolaire se feront via le site DOMBES&hellip;<\/p>\n","protected":false},"author":3,"featured_media":0,"parent":0,"menu_order":0,"comment_status":"closed","ping_status":"closed","template":"","meta":{"footnotes":""},"class_list":["post-405","page","type-page","status-publish","hentry"],"_links":{"self":[{"href":"https:\/\/mairie-saint-marcel.fr\/index.php?rest_route=\/wp\/v2\/pages\/405","targetHints":{"allow":["GET"]}}],"collection":[{"href":"https:\/\/mairie-saint-marcel.fr\/index.php?rest_route=\/wp\/v2\/pages"}],"about":[{"href":"https:\/\/mairie-saint-marcel.fr\/index.php?rest_route=\/wp\/v2\/types\/page"}],"author":[{"embeddable":true,"href":"https:\/\/mairie-saint-marcel.fr\/index.php?rest_route=\/wp\/v2\/users\/3"}],"replies":[{"embeddable":true,"href":"https:\/\/mairie-saint-marcel.fr\/index.php?rest_route=%2Fwp%2Fv2%2Fcomments&post=405"}],"version-history":[{"count":45,"href":"https:\/\/mairie-saint-marcel.fr\/index.php?rest_route=\/wp\/v2\/pages\/405\/revisions"}],"predecessor-version":[{"id":3391,"href":"https:\/\/mairie-saint-marcel.fr\/index.php?rest_route=\/wp\/v2\/pages\/405\/revisions\/3391"}],"wp:attachment":[{"href":"https:\/\/mairie-saint-marcel.fr\/index.php?rest_route=%2Fwp%2Fv2%2Fmedia&parent=405"}],"curies":[{"name":"wp","href":"https:\/\/api.w.org\/{rel}","templated":true}]}}