{"id":587,"date":"2021-01-20T21:13:10","date_gmt":"2021-01-20T20:13:10","guid":{"rendered":"http:\/\/mairie-saint-marcel.fr\/?page_id=587"},"modified":"2021-01-20T21:13:10","modified_gmt":"2021-01-20T20:13:10","slug":"declarer-une-naissance","status":"publish","type":"page","link":"https:\/\/mairie-saint-marcel.fr\/?page_id=587","title":{"rendered":"D\u00e9clarer une naissance"},"content":{"rendered":"\n<div class=\"wp-block-image\"><figure class=\"aligncenter size-large is-resized\"><img loading=\"lazy\" decoding=\"async\" src=\"https:\/\/mairie-saint-marcel.fr\/wp-content\/uploads\/2021\/01\/cigogne-bebe.jpg\" alt=\"\" class=\"wp-image-588\" width=\"213\" height=\"205\" srcset=\"https:\/\/mairie-saint-marcel.fr\/wp-content\/uploads\/2021\/01\/cigogne-bebe.jpg 626w, https:\/\/mairie-saint-marcel.fr\/wp-content\/uploads\/2021\/01\/cigogne-bebe-300x287.jpg 300w, https:\/\/mairie-saint-marcel.fr\/wp-content\/uploads\/2021\/01\/cigogne-bebe-140x134.jpg 140w\" sizes=\"auto, (max-width: 213px) 100vw, 213px\" \/><\/figure><\/div>\n\n\n\n<p>Les d\u00e9marches doivent \u00eatre imp\u00e9rativement effectu\u00e9es dans les cinq jours qui suivent le jour de l\u2019accouchement. Pass\u00e9 ce d\u00e9lai, la d\u00e9claration de naissance ne sera plus recevable en mairie, mais devra \u00eatre faite par voie judiciaire.<\/p>\n\n\n\n<p>Cette d\u00e9claration doit \u00eatre faite \u00e0 la mairie par le parent ou toute autre personne ayant assist\u00e9e \u00e0 l&rsquo;accouchement.<\/p>\n\n\n\n<p><strong>Documents n\u00e9cessaires :<\/strong><\/p>\n\n\n\n<ul class=\"wp-block-list\"><li>Photocopie des documents d&rsquo;identit\u00e9 des parents<\/li><li>D\u00e9claration de naissance<\/li><li>Bon clinique<\/li><li>Livret de famille si vous en poss\u00e9dez un<\/li><li>Pour les personnes non mari\u00e9es, la reconnaissance pr\u00e9natale si elle a \u00e9t\u00e9 \u00e9tablie.<\/li><\/ul>\n\n\n\n<p>D\u00e9lai : Imm\u00e9diat. Sous certaines conditions, un livret de famille sera remis \u00e0 la famille.<\/p>\n\n\n\n<p>En savoir plus sur la d\u00e9claration de naissance sur le site&nbsp;<a href=\"http:\/\/service-public.fr\/\" target=\"_blank\" rel=\"noreferrer noopener\">service-public.fr<\/a><\/p>\n","protected":false},"excerpt":{"rendered":"<p>Les d\u00e9marches doivent \u00eatre imp\u00e9rativement effectu\u00e9es dans les cinq jours qui suivent le jour de l\u2019accouchement. Pass\u00e9 ce d\u00e9lai, la d\u00e9claration de naissance ne sera plus recevable en mairie, mais&hellip;<\/p>\n","protected":false},"author":3,"featured_media":0,"parent":0,"menu_order":0,"comment_status":"closed","ping_status":"closed","template":"","meta":{"footnotes":""},"class_list":["post-587","page","type-page","status-publish","hentry"],"_links":{"self":[{"href":"https:\/\/mairie-saint-marcel.fr\/index.php?rest_route=\/wp\/v2\/pages\/587","targetHints":{"allow":["GET"]}}],"collection":[{"href":"https:\/\/mairie-saint-marcel.fr\/index.php?rest_route=\/wp\/v2\/pages"}],"about":[{"href":"https:\/\/mairie-saint-marcel.fr\/index.php?rest_route=\/wp\/v2\/types\/page"}],"author":[{"embeddable":true,"href":"https:\/\/mairie-saint-marcel.fr\/index.php?rest_route=\/wp\/v2\/users\/3"}],"replies":[{"embeddable":true,"href":"https:\/\/mairie-saint-marcel.fr\/index.php?rest_route=%2Fwp%2Fv2%2Fcomments&post=587"}],"version-history":[{"count":1,"href":"https:\/\/mairie-saint-marcel.fr\/index.php?rest_route=\/wp\/v2\/pages\/587\/revisions"}],"predecessor-version":[{"id":589,"href":"https:\/\/mairie-saint-marcel.fr\/index.php?rest_route=\/wp\/v2\/pages\/587\/revisions\/589"}],"wp:attachment":[{"href":"https:\/\/mairie-saint-marcel.fr\/index.php?rest_route=%2Fwp%2Fv2%2Fmedia&parent=587"}],"curies":[{"name":"wp","href":"https:\/\/api.w.org\/{rel}","templated":true}]}}