{"id":591,"date":"2021-01-20T21:18:20","date_gmt":"2021-01-20T20:18:20","guid":{"rendered":"http:\/\/mairie-saint-marcel.fr\/?page_id=591"},"modified":"2021-01-20T21:18:20","modified_gmt":"2021-01-20T20:18:20","slug":"reconnaissance-anticipee","status":"publish","type":"page","link":"https:\/\/mairie-saint-marcel.fr\/?page_id=591","title":{"rendered":"Reconnaissance anticip\u00e9e"},"content":{"rendered":"\n<div class=\"wp-block-image\"><figure class=\"aligncenter size-large is-resized\"><img loading=\"lazy\" decoding=\"async\" src=\"https:\/\/mairie-saint-marcel.fr\/wp-content\/uploads\/2021\/01\/reconnaissance-paternelle-anticipee.jpg\" alt=\"\" class=\"wp-image-592\" width=\"396\" height=\"196\" srcset=\"https:\/\/mairie-saint-marcel.fr\/wp-content\/uploads\/2021\/01\/reconnaissance-paternelle-anticipee.jpg 780w, https:\/\/mairie-saint-marcel.fr\/wp-content\/uploads\/2021\/01\/reconnaissance-paternelle-anticipee-300x148.jpg 300w, https:\/\/mairie-saint-marcel.fr\/wp-content\/uploads\/2021\/01\/reconnaissance-paternelle-anticipee-768x380.jpg 768w, https:\/\/mairie-saint-marcel.fr\/wp-content\/uploads\/2021\/01\/reconnaissance-paternelle-anticipee-140x69.jpg 140w\" sizes=\"auto, (max-width: 396px) 100vw, 396px\" \/><\/figure><\/div>\n\n\n\n<p>L&rsquo;acte de reconnaissance permet d&rsquo;\u00e9tablir le lien de filiation entre l&rsquo;enfant n\u00e9 ou \u00e0 na\u00eetre et l&rsquo;auteur de la reconnaissance.<\/p>\n\n\n\n<p><strong>Documents n\u00e9cessaires:<\/strong><\/p>\n\n\n\n<ul class=\"wp-block-list\"><li>Pi\u00e8ce d\u2019identit\u00e9 avec photo (original + photocopie),<\/li><li>Justificatif de domicile (quittance de loyer, facture d\u2019\u00e9lectricit\u00e9, d\u2019eau, de gaz,\u2026) de moins de 3 mois (original + photocopie),<\/li><li>Pour une reconnaissance postnatale : un extrait avec filiation de l\u2019acte de naissance.<\/li><\/ul>\n\n\n\n<p>D\u00e9lai: Imm\u00e9diat<\/p>\n\n\n\n<p>En savoir plus sur la filiation sur le site&nbsp;<a href=\"http:\/\/service-public.fr\/\" target=\"_blank\" rel=\"noreferrer noopener\">service-public.fr<\/a><\/p>\n","protected":false},"excerpt":{"rendered":"<p>L&rsquo;acte de reconnaissance permet d&rsquo;\u00e9tablir le lien de filiation entre l&rsquo;enfant n\u00e9 ou \u00e0 na\u00eetre et l&rsquo;auteur de la reconnaissance. Documents n\u00e9cessaires: Pi\u00e8ce d\u2019identit\u00e9 avec photo (original + photocopie), Justificatif&hellip;<\/p>\n","protected":false},"author":3,"featured_media":0,"parent":0,"menu_order":0,"comment_status":"closed","ping_status":"closed","template":"","meta":{"footnotes":""},"class_list":["post-591","page","type-page","status-publish","hentry"],"_links":{"self":[{"href":"https:\/\/mairie-saint-marcel.fr\/index.php?rest_route=\/wp\/v2\/pages\/591","targetHints":{"allow":["GET"]}}],"collection":[{"href":"https:\/\/mairie-saint-marcel.fr\/index.php?rest_route=\/wp\/v2\/pages"}],"about":[{"href":"https:\/\/mairie-saint-marcel.fr\/index.php?rest_route=\/wp\/v2\/types\/page"}],"author":[{"embeddable":true,"href":"https:\/\/mairie-saint-marcel.fr\/index.php?rest_route=\/wp\/v2\/users\/3"}],"replies":[{"embeddable":true,"href":"https:\/\/mairie-saint-marcel.fr\/index.php?rest_route=%2Fwp%2Fv2%2Fcomments&post=591"}],"version-history":[{"count":1,"href":"https:\/\/mairie-saint-marcel.fr\/index.php?rest_route=\/wp\/v2\/pages\/591\/revisions"}],"predecessor-version":[{"id":593,"href":"https:\/\/mairie-saint-marcel.fr\/index.php?rest_route=\/wp\/v2\/pages\/591\/revisions\/593"}],"wp:attachment":[{"href":"https:\/\/mairie-saint-marcel.fr\/index.php?rest_route=%2Fwp%2Fv2%2Fmedia&parent=591"}],"curies":[{"name":"wp","href":"https:\/\/api.w.org\/{rel}","templated":true}]}}

Reconnaissance anticipée

<div class="wp-block-image"><figure class="aligncenter size-large is-resized"><img loading="lazy" decoding="async" src="https://mairie-saint-marcel.fr/wp-content/uploads/2021/01/reconnaissance-paternelle-anticipee.jpg" alt="" class="wp-image-592" width="396" height="196" srcset="https://mairie-saint-marcel.fr/wp-content/uploads/2021/01/reconnaissance-paternelle-anticipee.jpg 780w, https://mairie-saint-marcel.fr/wp-content/uploads/2021/01/reconnaissance-paternelle-anticipee-300x148.jpg 300w, https://mairie-saint-marcel.fr/wp-content/uploads/2021/01/reconnaissance-paternelle-anticipee-768x380.jpg 768w, https://mairie-saint-marcel.fr/wp-content/uploads/2021/01/reconnaissance-paternelle-anticipee-140x69.jpg 140w" sizes="auto, (max-width: 396px) 100vw, 396px" /></figure></div>



<p>L&rsquo;acte de reconnaissance permet d&rsquo;établir le lien de filiation entre l&rsquo;enfant né ou à naître et l&rsquo;auteur de la reconnaissance.</p>



<p><strong>Documents nécessaires:</strong></p>



<ul class="wp-block-list"><li>Pièce d’identité avec photo (original + photocopie),</li><li>Justificatif de domicile (quittance de loyer, facture d’électricité, d’eau, de gaz,…) de moins de 3 mois (original + photocopie),</li><li>Pour une reconnaissance postnatale : un extrait avec filiation de l’acte de naissance.</li></ul>



<p>Délai: Immédiat</p>



<p>En savoir plus sur la filiation sur le site&nbsp;<a href="http://service-public.fr/" target="_blank" rel="noreferrer noopener">service-public.fr</a></p>

<p>L&rsquo;acte de reconnaissance permet d&rsquo;établir le lien de filiation entre l&rsquo;enfant né ou à naître et l&rsquo;auteur de la reconnaissance. Documents nécessaires: Pièce d’identité avec photo (original + photocopie), Justificatif&hellip;</p>
