{"id":607,"date":"2021-01-20T21:43:43","date_gmt":"2021-01-20T20:43:43","guid":{"rendered":"http:\/\/mairie-saint-marcel.fr\/?page_id=607"},"modified":"2023-04-05T10:13:53","modified_gmt":"2023-04-05T09:13:53","slug":"bapteme-republicain","status":"publish","type":"page","link":"https:\/\/mairie-saint-marcel.fr\/?page_id=607","title":{"rendered":"Bapt\u00eame r\u00e9publicain"},"content":{"rendered":"<div class=\"wp-block-image\">\n<figure class=\"aligncenter size-large is-resized\"><img loading=\"lazy\" decoding=\"async\" src=\"https:\/\/mairie-saint-marcel.fr\/wp-content\/uploads\/2023\/04\/image-2-1024x720.png\" alt=\"\" class=\"wp-image-2122\" width=\"455\" height=\"319\" srcset=\"https:\/\/mairie-saint-marcel.fr\/wp-content\/uploads\/2023\/04\/image-2-1024x720.png 1024w, https:\/\/mairie-saint-marcel.fr\/wp-content\/uploads\/2023\/04\/image-2-300x211.png 300w, https:\/\/mairie-saint-marcel.fr\/wp-content\/uploads\/2023\/04\/image-2-768x540.png 768w, https:\/\/mairie-saint-marcel.fr\/wp-content\/uploads\/2023\/04\/image-2-140x98.png 140w, https:\/\/mairie-saint-marcel.fr\/wp-content\/uploads\/2023\/04\/image-2.png 1265w\" sizes=\"auto, (max-width: 455px) 100vw, 455px\" \/><\/figure>\n<\/div>\n\n\n<h2 class=\"wp-block-heading\">Je souhaite\u00a0que mon enfant soit parrain\u00e9 civilement<\/h2>\n\n\n\n<p>Le <strong>bapt\u00eame civil<\/strong> (ou r\u00e9publicain) est destin\u00e9 \u00e0 int\u00e9grer mon enfant dans la communaut\u00e9 r\u00e9publicaine et \u00e0 le faire adh\u00e9rer de mani\u00e8re symbolique \u00e0 ses valeurs.<br>Les d\u00e9marches s&rsquo;effectuent \u00e0 la mairie du lieu de domicile des parents ou des parrains.<\/p>\n\n\n\n<p>Le\u00a0<strong>bapt\u00eame civil\u00a0<\/strong>(\u00e9galement appel\u00e9\u00a0<em>parrainage civil<\/em>\u00a0ou\u00a0<em>parrainage r\u00e9publicain<\/em>) n&rsquo;est pr\u00e9vu par\u00a0<strong>aucun texte<\/strong>\u00a0et ne cr\u00e9e\u00a0<strong>aucune obligation<\/strong>. Il s&rsquo;agit d&rsquo;un\u00a0<strong>engagement moral<\/strong>\u00a0d&rsquo;ordre\u00a0<strong>purement priv\u00e9<\/strong>.<\/p>\n\n\n\n<p>Le bapt\u00eame civil n&rsquo;est&nbsp;<strong>pas inscrit sur les registres de l&rsquo;\u00e9tat civil<\/strong>&nbsp;et les justificatifs \u00e9ventuellement d\u00e9livr\u00e9s n&rsquo;ont pas de valeur au regard de la loi.<\/p>\n\n\n\n<p><strong>Documents n\u00e9cessaires :<\/strong><\/p>\n\n\n\n<ul class=\"wp-block-list\">\n<li>Livret de famille<\/li>\n\n\n\n<li>Copie int\u00e9grale de l&rsquo;acte de naissance de l&rsquo;enfant (datant de moins de 3 mois)<\/li>\n\n\n\n<li>Pi\u00e8ce d\u2019identit\u00e9, en cours de validit\u00e9, avec photo du ou des parents et des parrains et marraines<\/li>\n\n\n\n<li>Justificatif de domicile des parents et des parrains, marraines.<\/li>\n<\/ul>\n\n\n\n<p>\u00c0 savoir : Les parents peuvent aussi d\u00e9signer un parrain et\/ou marraine comme\u00a0<a href=\"https:\/\/www.service-public.fr\/particuliers\/vosdroits\/F130\">tuteurs par testament ou par d\u00e9claration devant notaire<\/a>.<\/p>\n\n\n\n<p>En savoir plus sur les droits et d\u00e9marches concernant mon enfant, sur le site\u00a0<a rel=\"noreferrer noopener\" href=\"http:\/\/service-public.fr\/\" target=\"_blank\">service-public.fr<\/a><\/p>\n","protected":false},"excerpt":{"rendered":"<p>Je souhaite\u00a0que mon enfant soit parrain\u00e9 civilement Le bapt\u00eame civil (ou r\u00e9publicain) est destin\u00e9 \u00e0 int\u00e9grer mon enfant dans la communaut\u00e9 r\u00e9publicaine et \u00e0 le faire adh\u00e9rer de mani\u00e8re symbolique&hellip;<\/p>\n","protected":false},"author":3,"featured_media":0,"parent":0,"menu_order":0,"comment_status":"closed","ping_status":"closed","template":"","meta":{"footnotes":""},"class_list":["post-607","page","type-page","status-publish","hentry"],"_links":{"self":[{"href":"https:\/\/mairie-saint-marcel.fr\/index.php?rest_route=\/wp\/v2\/pages\/607","targetHints":{"allow":["GET"]}}],"collection":[{"href":"https:\/\/mairie-saint-marcel.fr\/index.php?rest_route=\/wp\/v2\/pages"}],"about":[{"href":"https:\/\/mairie-saint-marcel.fr\/index.php?rest_route=\/wp\/v2\/types\/page"}],"author":[{"embeddable":true,"href":"https:\/\/mairie-saint-marcel.fr\/index.php?rest_route=\/wp\/v2\/users\/3"}],"replies":[{"embeddable":true,"href":"https:\/\/mairie-saint-marcel.fr\/index.php?rest_route=%2Fwp%2Fv2%2Fcomments&post=607"}],"version-history":[{"count":5,"href":"https:\/\/mairie-saint-marcel.fr\/index.php?rest_route=\/wp\/v2\/pages\/607\/revisions"}],"predecessor-version":[{"id":2124,"href":"https:\/\/mairie-saint-marcel.fr\/index.php?rest_route=\/wp\/v2\/pages\/607\/revisions\/2124"}],"wp:attachment":[{"href":"https:\/\/mairie-saint-marcel.fr\/index.php?rest_route=%2Fwp%2Fv2%2Fmedia&parent=607"}],"curies":[{"name":"wp","href":"https:\/\/api.w.org\/{rel}","templated":true}]}}

Baptême républicain

<div class="wp-block-image">
<figure class="aligncenter size-large is-resized"><img loading="lazy" decoding="async" src="https://mairie-saint-marcel.fr/wp-content/uploads/2023/04/image-2-1024x720.png" alt="" class="wp-image-2122" width="455" height="319" srcset="https://mairie-saint-marcel.fr/wp-content/uploads/2023/04/image-2-1024x720.png 1024w, https://mairie-saint-marcel.fr/wp-content/uploads/2023/04/image-2-300x211.png 300w, https://mairie-saint-marcel.fr/wp-content/uploads/2023/04/image-2-768x540.png 768w, https://mairie-saint-marcel.fr/wp-content/uploads/2023/04/image-2-140x98.png 140w, https://mairie-saint-marcel.fr/wp-content/uploads/2023/04/image-2.png 1265w" sizes="auto, (max-width: 455px) 100vw, 455px" /></figure>
</div>


<h2 class="wp-block-heading">Je souhaite que mon enfant soit parrainé civilement</h2>



<p>Le <strong>baptême civil</strong> (ou républicain) est destiné à intégrer mon enfant dans la communauté républicaine et à le faire adhérer de manière symbolique à ses valeurs.<br>Les démarches s&rsquo;effectuent à la mairie du lieu de domicile des parents ou des parrains.</p>



<p>Le <strong>baptême civil </strong>(également appelé <em>parrainage civil</em> ou <em>parrainage républicain</em>) n&rsquo;est prévu par <strong>aucun texte</strong> et ne crée <strong>aucune obligation</strong>. Il s&rsquo;agit d&rsquo;un <strong>engagement moral</strong> d&rsquo;ordre <strong>purement privé</strong>.</p>



<p>Le baptême civil n&rsquo;est&nbsp;<strong>pas inscrit sur les registres de l&rsquo;état civil</strong>&nbsp;et les justificatifs éventuellement délivrés n&rsquo;ont pas de valeur au regard de la loi.</p>



<p><strong>Documents nécessaires :</strong></p>



<ul class="wp-block-list">
<li>Livret de famille</li>



<li>Copie intégrale de l&rsquo;acte de naissance de l&rsquo;enfant (datant de moins de 3 mois)</li>



<li>Pièce d’identité, en cours de validité, avec photo du ou des parents et des parrains et marraines</li>



<li>Justificatif de domicile des parents et des parrains, marraines.</li>
</ul>



<p>À savoir : Les parents peuvent aussi désigner un parrain et/ou marraine comme <a href="https://www.service-public.fr/particuliers/vosdroits/F130">tuteurs par testament ou par déclaration devant notaire</a>.</p>



<p>En savoir plus sur les droits et démarches concernant mon enfant, sur le site <a rel="noreferrer noopener" href="http://service-public.fr/" target="_blank">service-public.fr</a></p>

<p>Je souhaite que mon enfant soit parrainé civilement Le baptême civil (ou républicain) est destiné à intégrer mon enfant dans la communauté républicaine et à le faire adhérer de manière symbolique&hellip;</p>
