{"id":611,"date":"2021-01-20T22:33:47","date_gmt":"2021-01-20T21:33:47","guid":{"rendered":"http:\/\/mairie-saint-marcel.fr\/?page_id=611"},"modified":"2025-12-12T12:18:51","modified_gmt":"2025-12-12T11:18:51","slug":"urbanisme","status":"publish","type":"page","link":"https:\/\/mairie-saint-marcel.fr\/?page_id=611","title":{"rendered":"Urbanisme"},"content":{"rendered":"<div class=\"wp-block-image\">\n<figure class=\"aligncenter size-large is-resized\"><img loading=\"lazy\" decoding=\"async\" width=\"1024\" height=\"768\" src=\"https:\/\/mairie-saint-marcel.fr\/wp-content\/uploads\/2021\/01\/telechargement.png\" alt=\"\" class=\"wp-image-612\" style=\"width:354px;height:265px\" srcset=\"https:\/\/mairie-saint-marcel.fr\/wp-content\/uploads\/2021\/01\/telechargement.png 1024w, https:\/\/mairie-saint-marcel.fr\/wp-content\/uploads\/2021\/01\/telechargement-300x225.png 300w, https:\/\/mairie-saint-marcel.fr\/wp-content\/uploads\/2021\/01\/telechargement-768x576.png 768w, https:\/\/mairie-saint-marcel.fr\/wp-content\/uploads\/2021\/01\/telechargement-140x105.png 140w\" sizes=\"auto, (max-width: 1024px) 100vw, 1024px\" \/><\/figure>\n<\/div>\n\n\n<h2 class=\"wp-block-heading\"><strong>Attention vous devez d\u00e9poser vos demandes<\/strong> dans le <a href=\"https:\/\/puu.siea-sig.fr\" target=\"_blank\" rel=\"noreferrer noopener\">Portail d\u00e9mat\u00e9rialis\u00e9<\/a><\/h2>\n\n\n\n<h4 class=\"wp-block-heading\"><strong>D\u00e9marches:<\/strong><\/h4>\n\n\n\n<ul class=\"wp-block-list\">\n<li><a href=\"https:\/\/mairie-saint-marcel.fr\/?page_id=616\">Certificat d&rsquo;urbanisme<\/a><\/li>\n\n\n\n<li><a href=\"https:\/\/mairie-saint-marcel.fr\/?page_id=619\" data-type=\"URL\" data-id=\"https:\/\/mairie-saint-marcel.fr\/?page_id=619\">D\u00e9claration pr\u00e9alable de travaux<\/a><\/li>\n\n\n\n<li><a href=\"https:\/\/mairie-saint-marcel.fr\/?page_id=623\">Permis de construire<\/a><\/li>\n\n\n\n<li><a href=\"https:\/\/mairie-saint-marcel.fr\/?page_id=626\">Permis d&rsquo;am\u00e9nager<\/a><\/li>\n\n\n\n<li><a href=\"https:\/\/mairie-saint-marcel.fr\/?page_id=629\">Modification d&rsquo;un permis de construire<\/a><\/li>\n\n\n\n<li><a href=\"https:\/\/mairie-saint-marcel.fr\/?page_id=634\">Permis de d\u00e9molir<\/a><\/li>\n\n\n\n<li><a href=\"https:\/\/mairie-saint-marcel.fr\/?page_id=638\">Transfert de permis de construire<\/a><\/li>\n\n\n\n<li><a href=\"https:\/\/mairie-saint-marcel.fr\/?page_id=641\">D\u00e9clarer l&rsquo;ouverture, l&rsquo;ach\u00e8vement de travaux<\/a><\/li>\n<\/ul>\n\n\n\n<h4 class=\"wp-block-heading\">Informations locales:<\/h4>\n\n\n<div class=\"wp-block-image\">\n<figure class=\"alignright size-large is-resized\"><img loading=\"lazy\" decoding=\"async\" width=\"520\" height=\"584\" src=\"https:\/\/mairie-saint-marcel.fr\/wp-content\/uploads\/2021\/01\/PLU.jpg\" alt=\"\" class=\"wp-image-658\" style=\"width:178px;height:199px\" srcset=\"https:\/\/mairie-saint-marcel.fr\/wp-content\/uploads\/2021\/01\/PLU.jpg 520w, https:\/\/mairie-saint-marcel.fr\/wp-content\/uploads\/2021\/01\/PLU-267x300.jpg 267w, https:\/\/mairie-saint-marcel.fr\/wp-content\/uploads\/2021\/01\/PLU-140x157.jpg 140w\" sizes=\"auto, (max-width: 520px) 100vw, 520px\" \/><\/figure>\n<\/div>\n\n\n<ul class=\"wp-block-list\">\n<li><a rel=\"noreferrer noopener\" href=\"\/images\/PLU\/modification_2018\/rapport_de_presentation.pdf\" target=\"_blank\">Rapport de pr\u00e9sentation<\/a><\/li>\n\n\n\n<li><a rel=\"noreferrer noopener\" href=\"\/images\/PLU\/modification_2018\/251555_plu_st_marcel_5000_2018_04_20.pdf\" target=\"_blank\">Plan de zonage 2018<\/a><\/li>\n\n\n\n<li><a rel=\"noreferrer noopener\" href=\"\/images\/PLU\/modification_2018\/oap_2018_pour_zone_1aum.pdf\" target=\"_blank\">OAP 2018 (pour la zone 1AUm)<\/a><\/li>\n\n\n\n<li><a href=\"\/images\/PLU\/modification_2018\/reglement_2018.pdf\">R\u00e8glement 2018 (PLU)<\/a><\/li>\n\n\n\n<li><a rel=\"noreferrer noopener\" href=\"\/images\/PLU\/modification_2018\/emplacements_reserves_2018.pdf\" target=\"_blank\">Liste des emplacements r\u00e9serv\u00e9s 2018<\/a><\/li>\n\n\n\n<li><a href=\"\/images\/PLU\/PADD A4.pdf\" target=\"_blank\" rel=\"noreferrer noopener\">PADD (version 2006 non revu en 2018)<\/a><\/li>\n<\/ul>\n\n\n\n<h4 class=\"wp-block-heading\">Fiscalit\u00e9:<\/h4>\n\n\n\n<ul class=\"wp-block-list\">\n<li><a href=\"\/images\/PLU\/modification_2018\/PlaquetteFiscalite2021.pdf\" target=\"_blank\" rel=\"noreferrer noopener\">Fiscalit\u00e9 de l&rsquo;urbanisme<\/a><\/li>\n<\/ul>\n\n\n\n<p><\/p>\n","protected":false},"excerpt":{"rendered":"<p>Attention vous devez d\u00e9poser vos demandes dans le Portail d\u00e9mat\u00e9rialis\u00e9 D\u00e9marches: Informations locales: Fiscalit\u00e9:<\/p>\n","protected":false},"author":3,"featured_media":0,"parent":0,"menu_order":0,"comment_status":"closed","ping_status":"closed","template":"","meta":{"footnotes":""},"class_list":["post-611","page","type-page","status-publish","hentry"],"_links":{"self":[{"href":"https:\/\/mairie-saint-marcel.fr\/index.php?rest_route=\/wp\/v2\/pages\/611","targetHints":{"allow":["GET"]}}],"collection":[{"href":"https:\/\/mairie-saint-marcel.fr\/index.php?rest_route=\/wp\/v2\/pages"}],"about":[{"href":"https:\/\/mairie-saint-marcel.fr\/index.php?rest_route=\/wp\/v2\/types\/page"}],"author":[{"embeddable":true,"href":"https:\/\/mairie-saint-marcel.fr\/index.php?rest_route=\/wp\/v2\/users\/3"}],"replies":[{"embeddable":true,"href":"https:\/\/mairie-saint-marcel.fr\/index.php?rest_route=%2Fwp%2Fv2%2Fcomments&post=611"}],"version-history":[{"count":22,"href":"https:\/\/mairie-saint-marcel.fr\/index.php?rest_route=\/wp\/v2\/pages\/611\/revisions"}],"predecessor-version":[{"id":3603,"href":"https:\/\/mairie-saint-marcel.fr\/index.php?rest_route=\/wp\/v2\/pages\/611\/revisions\/3603"}],"wp:attachment":[{"href":"https:\/\/mairie-saint-marcel.fr\/index.php?rest_route=%2Fwp%2Fv2%2Fmedia&parent=611"}],"curies":[{"name":"wp","href":"https:\/\/api.w.org\/{rel}","templated":true}]}}