{"id":619,"date":"2021-01-20T22:20:07","date_gmt":"2021-01-20T21:20:07","guid":{"rendered":"http:\/\/mairie-saint-marcel.fr\/?page_id=619"},"modified":"2025-05-14T09:03:01","modified_gmt":"2025-05-14T08:03:01","slug":"declaration-prealable-de-travaux","status":"publish","type":"page","link":"https:\/\/mairie-saint-marcel.fr\/?page_id=619","title":{"rendered":"D\u00e9claration pr\u00e9alable de travaux"},"content":{"rendered":"\n<figure class=\"wp-block-image size-full is-resized\"><img loading=\"lazy\" decoding=\"async\" width=\"856\" height=\"743\" src=\"https:\/\/mairie-saint-marcel.fr\/wp-content\/uploads\/2025\/03\/image-1.png\" alt=\"\" class=\"wp-image-3116\" style=\"width:663px;height:auto\" srcset=\"https:\/\/mairie-saint-marcel.fr\/wp-content\/uploads\/2025\/03\/image-1.png 856w, https:\/\/mairie-saint-marcel.fr\/wp-content\/uploads\/2025\/03\/image-1-300x260.png 300w, https:\/\/mairie-saint-marcel.fr\/wp-content\/uploads\/2025\/03\/image-1-768x667.png 768w, https:\/\/mairie-saint-marcel.fr\/wp-content\/uploads\/2025\/03\/image-1-140x122.png 140w\" sizes=\"auto, (max-width: 856px) 100vw, 856px\" \/><\/figure>\n\n\n\n<h4 class=\"wp-block-heading\">Renseigner le formulaire CERFA correspondant au type de travaux.<\/h4>\n\n\n\n<p><strong>D\u00e9claration pr\u00e9alable constructions et travaux non soumis \u00e0 permis de construire<\/strong> <strong>(DPC)<\/strong> <strong>:<\/strong> <em>Permet notamment de r\u00e9aliser une construction nouvelle autre qu&rsquo;une maison individuelle et d&rsquo;effectuer des travaux (cl\u00f4ture, changement de fen\u00eatre\/portes, abri de jardin, piscine, installation de panneaux photovolta\u00efques&#8230;)<\/em><\/p>\n\n\n\n<p><a href=\"https:\/\/www.service-public.fr\/particuliers\/vosdroits\/R11646\" data-type=\"URL\" data-id=\"https:\/\/www.service-public.fr\/particuliers\/vosdroits\/R11646\" target=\"_blank\" rel=\"noreferrer noopener\">T\u00e9l\u00e9charger le formulaire<\/a><\/p>\n\n\n\n<p><\/p>\n\n\n\n<ul class=\"wp-block-list\">\n<li><strong>D\u00e9claration pr\u00e9alable Installations et am\u00e9nagements non soumis \u00e0 permis d&rsquo;am\u00e9nager<\/strong> <strong>(DPA) <\/strong><em>: Permet notamment de r\u00e9aliser des divisions de terrains de faible importance (d\u00e9tacher un ou plusieurs lots en vue de construire), un am\u00e9nagement (lotissement, camping, aire de stationnement, aire d&rsquo;accueil de gens du voyage,&#8230;)<\/em><\/li>\n<\/ul>\n\n\n\n<p><a href=\"https:\/\/www.service-public.fr\/particuliers\/vosdroits\/R1995\" data-type=\"URL\" data-id=\"https:\/\/www.service-public.fr\/particuliers\/vosdroits\/R1995\" target=\"_blank\" rel=\"noreferrer noopener\">T\u00e9l\u00e9charger le formulaire<\/a><\/p>\n\n\n\n<p><\/p>\n\n\n\n<p>D\u00e9p\u00f4t du dossier en mairie en 2 exemplaires&nbsp;: soit sur place ou envoy\u00e9 par courrier ; la mairie d\u00e9livre un r\u00e9c\u00e9piss\u00e9 comportant un num\u00e9ro d&rsquo;enregistrement qui mentionne le point de d\u00e9part de l&rsquo;instruction.<\/p>\n\n\n\n<h3 class=\"wp-block-heading\"><strong>D\u00e9lais d<\/strong><strong>\u2019instruction<\/strong><\/h3>\n\n\n\n<p>le d\u00e9lai d&rsquo;instruction de droit commun est de 1 mois \u00e0 partir de la date du d\u00e9p\u00f4t de la d\u00e9claration pr\u00e9alable. Ce d\u00e9lai peut \u00eatre modifi\u00e9 pendant le premier mois d\u2019instruction (ERP, Projet dans p\u00e9rim\u00e8tre des monuments historiques\u2026).<\/p>\n\n\n\n<p>Dans les 15 jours qui suivent le d\u00e9p\u00f4t de la d\u00e9claration pr\u00e9alable et durant toute l&rsquo;instruction, un extrait de la d\u00e9claration pr\u00e9cisant les caract\u00e9ristiques essentielles du projet est affich\u00e9 en mairie.<\/p>\n\n\n\n<h3 class=\"wp-block-heading\"><strong>D\u00e9cis<\/strong><strong>ion<\/strong><\/h3>\n\n\n\n<p>A l\u2019issue du d\u00e9lai d\u2019instruction, le demandeur peut engager les travaux d\u00e9clar\u00e9s, sauf si la mairie s\u2019y est oppos\u00e9e par arr\u00eat\u00e9. La commune adressera, par lettre recommand\u00e9e avec accus\u00e9 de r\u00e9ception, au p\u00e9titionnaire un arr\u00eat\u00e9, soit d&rsquo;opposition soit de non opposition (avec ou sans prescription).<\/p>\n\n\n\n<p>L\u2019autorisation est ex\u00e9cutoire d\u00e8s la r\u00e9ception de l&rsquo;arr\u00eat\u00e9, ou \u00e0 naissance de l\u2019autorisation tacite, sauf, pour le cas des coupes et abattage d\u2019arbre, o\u00f9 les travaux peuvent \u00eatre mis en \u0153uvre avant 1 mois suivant la r\u00e9ception de l\u2019autorisation.<\/p>\n\n\n\n<h3 class=\"wp-block-heading\"><strong>Dur\u00e9e de&nbsp;<\/strong><strong>validit\u00e9<\/strong><\/h3>\n\n\n\n<p>La dur\u00e9e de validit\u00e9 d&rsquo;une d\u00e9cision de non opposition \u00e0 la d\u00e9claration pr\u00e9alable est de 3 ans.<\/p>\n\n\n\n<p>Si les travaux n&rsquo;ont pas commenc\u00e9 avant l&rsquo;expiration de ce d\u00e9lai, il peut \u00eatre prorog\u00e9 de 2 fois 1 an. La demande de prorogation doit \u00eatre faite par courrier en double exemplaire 2 mois au moins avant l&rsquo;expiration du d\u00e9lai de validit\u00e9 initiale de votre d\u00e9claration pr\u00e9alable. Ce courrier doit \u00eatre adress\u00e9 par voie postale ou d\u00e9pos\u00e9 directement \u00e0 l&rsquo;accueil de la mairie.<\/p>\n","protected":false},"excerpt":{"rendered":"<p>Renseigner le formulaire CERFA correspondant au type de travaux. D\u00e9claration pr\u00e9alable constructions et travaux non soumis \u00e0 permis de construire (DPC) : Permet notamment de r\u00e9aliser une construction nouvelle autre&hellip;<\/p>\n","protected":false},"author":3,"featured_media":0,"parent":0,"menu_order":0,"comment_status":"closed","ping_status":"closed","template":"","meta":{"footnotes":""},"class_list":["post-619","page","type-page","status-publish","hentry"],"_links":{"self":[{"href":"https:\/\/mairie-saint-marcel.fr\/index.php?rest_route=\/wp\/v2\/pages\/619","targetHints":{"allow":["GET"]}}],"collection":[{"href":"https:\/\/mairie-saint-marcel.fr\/index.php?rest_route=\/wp\/v2\/pages"}],"about":[{"href":"https:\/\/mairie-saint-marcel.fr\/index.php?rest_route=\/wp\/v2\/types\/page"}],"author":[{"embeddable":true,"href":"https:\/\/mairie-saint-marcel.fr\/index.php?rest_route=\/wp\/v2\/users\/3"}],"replies":[{"embeddable":true,"href":"https:\/\/mairie-saint-marcel.fr\/index.php?rest_route=%2Fwp%2Fv2%2Fcomments&post=619"}],"version-history":[{"count":28,"href":"https:\/\/mairie-saint-marcel.fr\/index.php?rest_route=\/wp\/v2\/pages\/619\/revisions"}],"predecessor-version":[{"id":3215,"href":"https:\/\/mairie-saint-marcel.fr\/index.php?rest_route=\/wp\/v2\/pages\/619\/revisions\/3215"}],"wp:attachment":[{"href":"https:\/\/mairie-saint-marcel.fr\/index.php?rest_route=%2Fwp%2Fv2%2Fmedia&parent=619"}],"curies":[{"name":"wp","href":"https:\/\/api.w.org\/{rel}","templated":true}]}}