{"id":629,"date":"2021-01-20T22:32:49","date_gmt":"2021-01-20T21:32:49","guid":{"rendered":"http:\/\/mairie-saint-marcel.fr\/?page_id=629"},"modified":"2026-02-13T11:37:18","modified_gmt":"2026-02-13T10:37:18","slug":"modification-permis-de-construire","status":"publish","type":"page","link":"https:\/\/mairie-saint-marcel.fr\/?page_id=629","title":{"rendered":"Modification permis de construire"},"content":{"rendered":"\n<figure class=\"wp-block-image size-full is-resized\"><img loading=\"lazy\" decoding=\"async\" width=\"970\" height=\"747\" src=\"https:\/\/mairie-saint-marcel.fr\/wp-content\/uploads\/2023\/01\/image-2.png\" alt=\"\" class=\"wp-image-1974\" style=\"width:589px;height:453px\" srcset=\"https:\/\/mairie-saint-marcel.fr\/wp-content\/uploads\/2023\/01\/image-2.png 970w, https:\/\/mairie-saint-marcel.fr\/wp-content\/uploads\/2023\/01\/image-2-300x231.png 300w, https:\/\/mairie-saint-marcel.fr\/wp-content\/uploads\/2023\/01\/image-2-768x591.png 768w, https:\/\/mairie-saint-marcel.fr\/wp-content\/uploads\/2023\/01\/image-2-140x108.png 140w\" sizes=\"auto, (max-width: 970px) 100vw, 970px\" \/><\/figure>\n\n\n\n<ul class=\"wp-block-list\">\n<li><strong>Permis modificatif d\u2019un permis de construire ou d\u2019am\u00e9nager<\/strong> <strong>(cerfa 13411-11)<\/strong><\/li>\n<\/ul>\n\n\n\n<p><em>Lorsqu&rsquo;une autorisation de construire ou d&rsquo;am\u00e9nager vous a \u00e9t\u00e9 accord\u00e9e, vous pouvez en obtenir la modification en d\u00e9posant un permis modificatif pour des petits changements du projet initial. S&rsquo;ils sont plus importants, vous devez d\u00e9poser un nouveau dossier de demande de permis.<\/em><\/p>\n\n\n\n<p><a href=\"https:\/\/www.service-public.fr\/particuliers\/vosdroits\/R21323\" data-type=\"URL\" data-id=\"https:\/\/www.service-public.fr\/particuliers\/vosdroits\/R21323\" target=\"_blank\" rel=\"noreferrer noopener\">T\u00e9l\u00e9charger le formulaire<\/a><\/p>\n\n\n\n<p>D\u00e9p\u00f4t du dossier en mairie en 9 exemplaires : soit sur place ou envoy\u00e9 par courrier ; la mairie d\u00e9livre un r\u00e9c\u00e9piss\u00e9 comportant un num\u00e9ro d&rsquo;enregistrement qui mentionne le point de d\u00e9part de la date \u00e0 partir de laquelle les travaux pourront commencer en l&rsquo;absence de refus du service instructeur.<\/p>\n\n\n\n<h4 class=\"wp-block-heading\">D\u00e9lai d&rsquo;instruction<\/h4>\n\n\n\n<p>L&rsquo;instruction porte uniquement sur les points faisant l&rsquo;objet du permis modificatif, elle ne revient pas sur les droits acquis conf\u00e9r\u00e9s par le permis en cours de validit\u00e9. De la m\u00eame fa\u00e7on, les tiers peuvent mettre en cause les \u00e9volutions des modifications port\u00e9es par le permis modificatif.<\/p>\n\n\n\n<p>Le service instructeur dispose d&rsquo;un d\u00e9lai d&rsquo;instruction de droit commun de 2 ou 3 mois, comme le permis de construire initial. Ce d\u00e9lai peut \u00eatre modifi\u00e9 pendant le premier mois d\u2019instruction (ERP, Projet dans p\u00e9rim\u00e8tre des monuments historiques\u2026).<\/p>\n\n\n\n<p>Dans les 15 jours qui suivent le d\u00e9p\u00f4t du dossier et durant toute l&rsquo;instruction, un avis de d\u00e9p\u00f4t de demande de permis modificatif, pr\u00e9cisant les caract\u00e9ristiques essentielles du projet, doit \u00eatre affich\u00e9 en mairie.<\/p>\n\n\n\n<h4 class=\"wp-block-heading\">D\u00e9cision<\/h4>\n\n\n\n<p>A l\u2019issue du d\u00e9lai d\u2019instruction de droit commun, le p\u00e9titionnaire b\u00e9n\u00e9ficie d\u2019une d\u00e9cision tacite dans la plupart des cas. Si aucun arr\u00eat\u00e9 ne lui a \u00e9t\u00e9 notifi\u00e9, il peut alors demander un certificat de permis tacite. L\u2019autorisation est ex\u00e9cutoire d\u00e8s sa r\u00e9ception, ou \u00e0 naissance de l\u2019autorisation tacite.<\/p>\n\n\n\n<h4 class=\"wp-block-heading\">Dur\u00e9e de validit\u00e9<\/h4>\n\n\n\n<p>Le permis de construire est p\u00e9rim\u00e9 si les constructions ne sont pas entreprises dans le d\u00e9lai de 3 ans.<\/p>\n\n\n\n<p>Ce d\u00e9lai court \u00e0 compter de la date de la notification du permis ou si les travaux sont interrompus pendant une dur\u00e9e sup\u00e9rieure \u00e0 un an.<\/p>\n","protected":false},"excerpt":{"rendered":"<p>Lorsqu&rsquo;une autorisation de construire ou d&rsquo;am\u00e9nager vous a \u00e9t\u00e9 accord\u00e9e, vous pouvez en obtenir la modification en d\u00e9posant un permis modificatif pour des petits changements du projet initial. S&rsquo;ils sont&hellip;<\/p>\n","protected":false},"author":3,"featured_media":0,"parent":0,"menu_order":0,"comment_status":"closed","ping_status":"closed","template":"","meta":{"footnotes":""},"class_list":["post-629","page","type-page","status-publish","hentry"],"_links":{"self":[{"href":"https:\/\/mairie-saint-marcel.fr\/index.php?rest_route=\/wp\/v2\/pages\/629","targetHints":{"allow":["GET"]}}],"collection":[{"href":"https:\/\/mairie-saint-marcel.fr\/index.php?rest_route=\/wp\/v2\/pages"}],"about":[{"href":"https:\/\/mairie-saint-marcel.fr\/index.php?rest_route=\/wp\/v2\/types\/page"}],"author":[{"embeddable":true,"href":"https:\/\/mairie-saint-marcel.fr\/index.php?rest_route=\/wp\/v2\/users\/3"}],"replies":[{"embeddable":true,"href":"https:\/\/mairie-saint-marcel.fr\/index.php?rest_route=%2Fwp%2Fv2%2Fcomments&post=629"}],"version-history":[{"count":4,"href":"https:\/\/mairie-saint-marcel.fr\/index.php?rest_route=\/wp\/v2\/pages\/629\/revisions"}],"predecessor-version":[{"id":3723,"href":"https:\/\/mairie-saint-marcel.fr\/index.php?rest_route=\/wp\/v2\/pages\/629\/revisions\/3723"}],"wp:attachment":[{"href":"https:\/\/mairie-saint-marcel.fr\/index.php?rest_route=%2Fwp%2Fv2%2Fmedia&parent=629"}],"curies":[{"name":"wp","href":"https:\/\/api.w.org\/{rel}","templated":true}]}}