{"id":707,"date":"2021-01-28T21:17:43","date_gmt":"2021-01-28T20:17:43","guid":{"rendered":"http:\/\/mairie-saint-marcel.fr\/?page_id=707"},"modified":"2026-03-25T10:56:27","modified_gmt":"2026-03-25T09:56:27","slug":"insertion-solidarite","status":"publish","type":"page","link":"https:\/\/mairie-saint-marcel.fr\/?page_id=707","title":{"rendered":"Insertion &amp; Solidarit\u00e9"},"content":{"rendered":"<div class=\"wp-block-image\">\n<figure class=\"alignleft size-large is-resized\"><img loading=\"lazy\" decoding=\"async\" width=\"654\" height=\"145\" src=\"https:\/\/mairie-saint-marcel.fr\/wp-content\/uploads\/2021\/01\/PIS.jpg\" alt=\"\" class=\"wp-image-709\" style=\"width:186px;height:41px\" srcset=\"https:\/\/mairie-saint-marcel.fr\/wp-content\/uploads\/2021\/01\/PIS.jpg 654w, https:\/\/mairie-saint-marcel.fr\/wp-content\/uploads\/2021\/01\/PIS-300x67.jpg 300w, https:\/\/mairie-saint-marcel.fr\/wp-content\/uploads\/2021\/01\/PIS-140x31.jpg 140w\" sizes=\"auto, (max-width: 654px) 100vw, 654px\" \/><\/figure>\n<\/div>\n\n<div class=\"wp-block-image\">\n<figure class=\"alignright size-large is-resized\"><img loading=\"lazy\" decoding=\"async\" width=\"196\" height=\"199\" src=\"http:\/\/mairie-saint-marcel.fr\/wp-content\/uploads\/2021\/04\/eclat.jpg\" alt=\"\" class=\"wp-image-906\" style=\"width:55px;height:55px\" srcset=\"https:\/\/mairie-saint-marcel.fr\/wp-content\/uploads\/2021\/04\/eclat.jpg 196w, https:\/\/mairie-saint-marcel.fr\/wp-content\/uploads\/2021\/04\/eclat-140x142.jpg 140w\" sizes=\"auto, (max-width: 196px) 100vw, 196px\" \/><\/figure>\n<\/div>\n\n\n<div class=\"wp-block-file\"><a id=\"wp-block-file--media-ab66314b-cb08-45a2-9bf0-b47c48b96b1c\" href=\"https:\/\/mairie-saint-marcel.fr\/wp-content\/uploads\/2021\/01\/Point-Info-Social.pdf\">Point Information Social<\/a><a href=\"https:\/\/mairie-saint-marcel.fr\/wp-content\/uploads\/2021\/01\/Point-Info-Social.pdf\" class=\"wp-block-file__button wp-element-button\" download aria-describedby=\"wp-block-file--media-ab66314b-cb08-45a2-9bf0-b47c48b96b1c\">T\u00e9l\u00e9charger<\/a><\/div>\n\n\n\n<p><\/p>\n\n\n<div class=\"wp-block-image\">\n<figure class=\"alignleft size-large is-resized\"><img loading=\"lazy\" decoding=\"async\" width=\"265\" height=\"104\" src=\"https:\/\/mairie-saint-marcel.fr\/wp-content\/uploads\/2021\/03\/CLIC.jpg\" alt=\"\" class=\"wp-image-794\" style=\"width:201px;height:79px\" srcset=\"https:\/\/mairie-saint-marcel.fr\/wp-content\/uploads\/2021\/03\/CLIC.jpg 265w, https:\/\/mairie-saint-marcel.fr\/wp-content\/uploads\/2021\/03\/CLIC-140x55.jpg 140w\" sizes=\"auto, (max-width: 265px) 100vw, 265px\" \/><\/figure>\n<\/div>\n\n\n<p><a href=\"http:\/\/mairie-saint-marcel.fr\/images\/divers\/plaquette_generale_clic.pdf\" target=\"_blank\" rel=\"noreferrer noopener\">Plaquette CLIC &#8211; Centre Locale d&rsquo;Informations et de Coordination<\/a><\/p>\n\n\n<div class=\"wp-block-image\">\n<figure class=\"alignleft size-large\"><a href=\"https:\/\/jeunes01.info-jeunes.fr\/\" target=\"_blank\" rel=\"noopener\"><img loading=\"lazy\" decoding=\"async\" width=\"143\" height=\"69\" src=\"https:\/\/mairie-saint-marcel.fr\/wp-content\/uploads\/2021\/05\/jeune01.jpg\" alt=\"\" class=\"wp-image-945\" srcset=\"https:\/\/mairie-saint-marcel.fr\/wp-content\/uploads\/2021\/05\/jeune01.jpg 143w, https:\/\/mairie-saint-marcel.fr\/wp-content\/uploads\/2021\/05\/jeune01-140x68.jpg 140w\" sizes=\"auto, (max-width: 143px) 100vw, 143px\" \/><\/a><\/figure>\n<\/div>\n\n\n<p> Le Bureau Information Jeunesse (BIJ) est un lieu ressource pour les personnes \u00e2g\u00e9es de 13 \u00e0 30 ans, leurs familles et les professionnels.<\/p>\n\n\n\n<p>V\u00e9ritable lieu d&rsquo;accueil, le BIJ informe et accompagne les publics dans leurs d\u00e9marches quotidiennes et dans les projets et ce dans toutes les th\u00e9matiques qui concernent les jeunes :&nbsp;emploi, formation, orientation, mobilit\u00e9, internationale, sant\u00e9, logement.&nbsp;<a rel=\"noreferrer noopener\" href=\"https:\/\/jeunes01.info-jeunes.fr\/\" target=\"_blank\"> https:\/\/jeunes01.info-jeunes.fr\/<\/a><\/p>\n\n\n<div class=\"wp-block-image\">\n<figure class=\"alignright size-large is-resized\"><img loading=\"lazy\" decoding=\"async\" width=\"265\" height=\"208\" src=\"https:\/\/mairie-saint-marcel.fr\/wp-content\/uploads\/2021\/07\/France-services.jpg\" alt=\"\" class=\"wp-image-1117\" style=\"width:196px;height:154px\" srcset=\"https:\/\/mairie-saint-marcel.fr\/wp-content\/uploads\/2021\/07\/France-services.jpg 265w, https:\/\/mairie-saint-marcel.fr\/wp-content\/uploads\/2021\/07\/France-services-140x110.jpg 140w\" sizes=\"auto, (max-width: 265px) 100vw, 265px\" \/><\/figure>\n<\/div>\n\n\n<p>France Services est pr\u00e9sent pour vous pour :<\/p>\n\n\n\n<ul class=\"wp-block-list\">\n<li>aide dans la constitution et le remplissage d&rsquo;un dossier<\/li>\n\n\n\n<li>utilisation gratuite d&rsquo;un poste informatique avec connexion internet<\/li>\n\n\n\n<li>remise de formulaires<\/li>\n\n\n\n<li>renseignements<\/li>\n\n\n\n<li><\/li>\n\n\n\n<li>&#8230;<\/li>\n<\/ul>\n\n\n\n<div class=\"wp-block-file\"><a id=\"wp-block-file--media-a5905640-174f-40d6-9092-248c27d3eea4\" href=\"https:\/\/mairie-saint-marcel.fr\/wp-content\/uploads\/2021\/07\/Depliant-France-Services-06-2021.pdf\">France-Services-06-2021<\/a><a href=\"https:\/\/mairie-saint-marcel.fr\/wp-content\/uploads\/2021\/07\/Depliant-France-Services-06-2021.pdf\" class=\"wp-block-file__button wp-element-button\" download aria-describedby=\"wp-block-file--media-a5905640-174f-40d6-9092-248c27d3eea4\">T\u00e9l\u00e9charger<\/a><\/div>\n\n\n\n<h2 class=\"wp-block-heading\">DOMBES RENOV+<\/h2>\n\n\n\n<p><strong>Dombes R\u00e9nov+ : un accompagnement gratuit pour vos travaux de r\u00e9novation \u00e9nerg\u00e9tique<\/strong><\/p>\n\n\n\n<p>Vous avez un projet de r\u00e9novation de votre logement ? Vous souhaitez am\u00e9liorer le confort de votre habitation, r\u00e9duire vos factures d\u2019\u00e9nergie ou adapter votre logement au vieillissement ou \u00e0 un handicap ? Le service <strong>Dombes R\u00e9nov+<\/strong>&nbsp;peut vous accompagner gratuitement dans vos d\u00e9marches.<\/p>\n\n\n\n<p><strong>Qu\u2019est-ce que Dombes R\u00e9nov+ ?<\/strong><\/p>\n\n\n\n<p><strong>Dombes R\u00e9nov+<\/strong>&nbsp;est un service public d&rsquo;information, de conseil et d\u2019accompagnement \u00e0 la r\u00e9novation \u00e9nerg\u00e9tique, port\u00e9 par la <strong>Communaut\u00e9 de Communes de la Dombes<\/strong>. Il s\u2019adresse \u00e0 tous les propri\u00e9taires occupants ou bailleurs, quel que soit leur niveau de revenus.<\/p>\n\n\n\n<p><strong>Un accompagnement sur mesure<\/strong><\/p>\n\n\n\n<p>Avec Dombes R\u00e9nov+, vous b\u00e9n\u00e9ficiez :<\/p>\n\n\n\n<ul class=\"wp-block-list\">\n<li>d\u2019un <strong>conseil technique neutre et gratuit<\/strong>&nbsp;sur vos travaux (isolation, chauffage, ventilation, etc.) ;<\/li>\n\n\n\n<li>d\u2019une <strong>aide \u00e0 la mobilisation des aides financi\u00e8res<\/strong>&nbsp;(MaPrimeR\u00e9nov\u2019, CEE, aides locales, etc.) ;<\/li>\n\n\n\n<li>d\u2019un <strong>suivi tout au long de votre projet<\/strong>.<\/li>\n<\/ul>\n\n\n\n<p><strong>Comment en b\u00e9n\u00e9ficier ?<\/strong><\/p>\n\n\n\n<p>Il vous suffit de contacter un conseiller de Dombes R\u00e9nov+ qui analysera votre situation et vous proposera un accompagnement personnalis\u00e9.<\/p>\n\n\n\n<p><strong>Contactez Dombes R\u00e9nov+ :<\/strong><br>T\u00e9l : 04 74 98 33 76<br>Mail : <a href=\"mailto:dombesrenov@alec-ain.fr\">dombesrenov@alec-ain.fr<\/a><br>Plus d\u2019infos : <a href=\"https:\/\/urlsand.esvalabs.com\/?u=https%3A%2F%2Fmibc-fr-10.mailinblack.com%2Fsecurelink%2F%3Furl%3Dhttps%3A%2F%2Furlsand.esvalabs.com%26key%3DeyJsYW5nIjoiRlIiLCJ1cmwiOiJodHRwczovL3VybHNhbmQuZXN2YWxhYnMuY29tLz91PWh0dHBzJTNBJTJGJTJGd3d3LmNjZG9tYmVzLmZyJTJGdml2cmUlMkZkZXZlbG9wcGVtZW50LWR1cmFibGUlMkZkb21iZXNyZW5vdiUyRiZlPTI5ZTliNWRmJmg9ZjU1NTRhOWImZj15JnA9eSIsInRva2VuIjoiZ0FBQUFBQm9KS1QySGVTVHhvVkZla010M05kNEVLT2NLem5HcTBkT2VjNEwyelpfNWttNGdLMHFiSTF2MXZRYnFLaXlnVkZYTy1WODdyVmZXWjUwcEdFd2o0MHZFcUVSamlualhLSFlTU1FLbE1Tb3dDM1JLdFk3V2dLRDlIbWVyUVpHRmZIeldlSmp5b3RZeFc3T0JMSlB5UFlUYWdUQU5JeE5BZTc2bWFiN3ZjODRnWTI2N0ZQRE83QlloZWVUS2EtRU9PdWlPRkNwY1FGOWo3eXFQd21qd1NpSkRZZ19NdlhvYmtNUWFKVE1lTlZDTUs1bFlWMzFPdEZwd0liNkttVjlBUlF3cF9OYmFlV2x4MDlFeEJEVXBSZjVlX1JTZ0tzWXpJcm9yVzdteDdTSDFjeUE3bnI2NDJkalprcjJjQnJBZnFGeTdoeTcifQ%3D%3D&amp;e=29e9b5df&amp;h=f3cf3e58&amp;f=y&amp;p=y\">https:\/\/www.ccdombes.fr\/vivre\/developpement-durable\/dombesrenov\/<\/a><\/p>\n\n\n\n<div class=\"wp-block-group is-vertical is-layout-flex wp-container-core-group-is-layout-8cf370e7 wp-block-group-is-layout-flex\">\n<h2 class=\"wp-block-heading\"><strong>ASSITANTES SOCIALES<\/strong><\/h2>\n\n\n\n<div class=\"wp-block-group is-vertical is-layout-flex wp-container-core-group-is-layout-8cf370e7 wp-block-group-is-layout-flex\">\n<p>Mme MALGRAS \/ Mme CREUSEVAUT<\/p>\n\n\n\n<p><a href=\"https:\/\/www.google.fr\/maps\/place\/289b+Av.+Dubanchet,+01400+Ch%C3%A2tillon-sur-Chalaronne\/@46.1232755,4.9515415,17z\/data=!3m1!4b1!4m5!3m4!1s0x47f35fc050cd62fb:0x41e22d2ee07fa0a0!8m2!3d46.1232718!4d4.9537302\" target=\"_blank\" rel=\"noreferrer noopener\">Centre d\u00e9partemental de la solidarit\u00e9 <\/a><\/p>\n\n\n\n<p>289B avenue Dubanchet<\/p>\n\n\n\n<p>01400 Chatillon sur Chalaronne<\/p>\n\n\n\n<p>Tel: 0474553670<\/p>\n<\/div>\n<\/div>\n\n\n\n<div class=\"wp-block-group is-vertical is-layout-flex wp-container-core-group-is-layout-8cf370e7 wp-block-group-is-layout-flex\">\n<h2 class=\"wp-block-heading\"><strong>AIDE ET SOUTIEN EN CAS DE S\u00c9PARATION <\/strong><\/h2>\n\n\n\n<div class=\"wp-block-file alignleft\"><a id=\"wp-block-file--media-1e865ad6-2e82-44d3-9fdc-9d90b37e3ebb\" href=\"https:\/\/mairie-saint-marcel.fr\/wp-content\/uploads\/2022\/06\/Outils-separationdepMsa-VF-1.pdf\">Outils-separationdepMsa-VF-1<\/a><a href=\"https:\/\/mairie-saint-marcel.fr\/wp-content\/uploads\/2022\/06\/Outils-separationdepMsa-VF-1.pdf\" class=\"wp-block-file__button wp-element-button\" download aria-describedby=\"wp-block-file--media-1e865ad6-2e82-44d3-9fdc-9d90b37e3ebb\">T\u00e9l\u00e9charger<\/a><\/div>\n<\/div>\n\n\n\n<p>Permanences \u00e0 Villars-les-Dombes,<strong> tous les jeudis<\/strong><\/p>\n\n\n\n<h2 class=\"wp-block-heading\"><strong>MISSION LOCALE BRESSE-DOMBES-C\u00d4TI\u00c8RE<\/strong><\/h2>\n\n\n\n<p>Mairie, 15 Place de l&rsquo;H\u00f4tel de Ville &#8211; <strong>09.72.429.429<\/strong><\/p>\n\n\n\n<ul class=\"wp-block-list\">\n<li>Travailler<\/li>\n\n\n\n<li>Se former<\/li>\n\n\n\n<li>S&rsquo;orienter<\/li>\n\n\n\n<li>Se loger<\/li>\n<\/ul>\n\n\n\n<p><strong><a href=\"http:\/\/mairie-saint-marcel.fr\/images\/divers\/permanence_villars.png\" target=\"_blank\" rel=\"noreferrer noopener\">Permanence<\/a> \u00e0 Villars-les-Dombes<\/strong><\/p>\n\n\n\n<p>Une nouvelle <strong><a href=\"http:\/\/mairie-saint-marcel.fr\/images\/divers\/permanence.png\" target=\"_blank\" rel=\"noreferrer noopener\">permanence<\/a> \u00e0 Saint-Andr\u00e9-de-Corcy<\/strong> <strong>&#8211;<\/strong> <strong>Tous les jeudis matin<\/strong> <strong>de 9h00 \u00e0 12h00<\/strong><\/p>\n\n\n\n<h2 class=\"wp-block-heading\"><strong>FRANCE SERVICES DOMBES VILLARS<\/strong><\/h2>\n\n\n\n<p>Soutien personnalis\u00e9 dans vos d\u00e9marches administratives<\/p>\n\n\n\n<ul class=\"wp-block-list\">\n<li>Aide sur l&#8217;emploi,<\/li>\n\n\n\n<li>la sant\u00e9, <\/li>\n\n\n\n<li>les prestations sociales, <\/li>\n\n\n\n<li>le logement, <\/li>\n\n\n\n<li>la retraite&#8230;<\/li>\n<\/ul>\n\n\n\n<p><a href=\"http:\/\/mairie-saint-marcel.fr\/images\/divers\/france_services.pdf\" data-type=\"link\" data-id=\"http:\/\/mairie-saint-marcel.fr\/images\/divers\/france_services.pdf\" target=\"_blank\" rel=\"noreferrer noopener\">Horaires, contacts et permanences<\/a> :<\/p>\n\n\n\n<h2 class=\"wp-block-heading\"><strong>M\u00c9DIATION FAMILIALE<\/strong><\/h2>\n\n\n\n<p><a href=\"http:\/\/mairie-saint-marcel.fr\/images\/divers\/flyer_mediation2024.pdf\" data-type=\"link\" data-id=\"mairie-saint-marcel.fr\/images\/divers\/flyer_mediation2024.pdf\" target=\"_blank\" rel=\"noreferrer noopener\">Un conflit familial ? La m\u00e9diation familiale peut vous aider !<\/a><\/p>\n\n\n\n<p><a href=\"http:\/\/mairie-saint-marcel.fr\/images\/divers\/mediation_familiale_mjd_2026.pdf\" target=\"_blank\" rel=\"noreferrer noopener\">Calendrier des r\u00e9unions d&rsquo;information collective &#8211; 2026<\/a><\/p>\n\n\n\n<p><a href=\"http:\/\/mairie-saint-marcel.fr\/images\/divers\/mediation_familiale_territoire_2026.pdf\" target=\"_blank\" rel=\"noreferrer noopener\">Calendrier des r\u00e9unions d&rsquo;information par territoire &#8211; 2026<\/a><\/p>\n\n\n\n<h2 class=\"wp-block-heading\"><strong>LES ACCUEILS DE LOISIRS DE LA DOMBES<\/strong><\/h2>\n\n\n\n<p>Vous trouverez <strong><a href=\"http:\/\/mairie-saint-marcel.fr\/images\/divers\/accueils_de_loisirs_de_la_Dombes.pdf\" data-type=\"link\" data-id=\"mairie-saint-marcel.fr\/images\/divers\/accueils_de_loisirs_de_la_Dombes.pdf\" target=\"_blank\" rel=\"noreferrer noopener\">ici<\/a><\/strong> la liste des accueils de Loisirs de la Dombes.<\/p>\n\n\n\n<h2 class=\"wp-block-heading\"><strong>AIN SOLIDARIT\u00c9S<\/strong><\/h2>\n\n\n\n<p>Besoin d\u2019un colis alimentaire ou d\u2019un logement social, probl\u00e8mes de sant\u00e9, d\u2019acc\u00e8s \u00e0 un logement, difficult\u00e9s financi\u00e8res, violences, harc\u00e8lement\u2026 il n\u2019est pas toujours facile de savoir vers qui se tourner pour trouver de l\u2019aide.<\/p>\n\n\n\n<p>Le site internet www.ainsolidarites.ain.fr recense tous les partenaires qui pourront \u00eatre utiles aux Aindinois pour les accompagner et r\u00e9pondre \u00e0 leurs besoins.<\/p>\n\n\n\n<p>Un site unique pour recenser les partenaires de la solidarit\u00e9<\/p>\n\n\n\n<p><a href=\"http:\/\/www.xn--ainsolidarits-mhb.ain.fr\/\">www.ainsolidarit\u00e9s.ain.fr<\/a>&nbsp;r\u00e9pond \u00e0 plusieurs objectifs :<\/p>\n\n\n\n<ul class=\"wp-block-list\">\n<li>une meilleure connaissance des<strong>&nbsp;structures de solidarit\u00e9&nbsp;<\/strong>&nbsp;et des structures favorisant<strong>&nbsp;l&rsquo;acc\u00e8s aux droits<\/strong>&nbsp;des Aindinois.<\/li>\n\n\n\n<li>un meilleur<strong>&nbsp;accompagnement des b\u00e9n\u00e9voles et des professionnels<\/strong>&nbsp;dans leurs d\u00e9marches au service des usagers<\/li>\n\n\n\n<li>la volont\u00e9 de \u00ab&nbsp;<strong>garantir \u00e0 toute personne<\/strong>&nbsp;rencontrant des difficult\u00e9s ou souhaitant exprimer une demande d\u2019ordre social,&nbsp;<strong>une \u00e9coute attentionn\u00e9e<\/strong>&nbsp;de la globalit\u00e9 de ses besoins et pr\u00e9occupations afin de lui proposer le plus t\u00f4t possible des conseils et une orientation adapt\u00e9e \u00bb \u00e0 travers la mise en place de l\u2019<strong>accueil social inconditionnel de proximit\u00e9<\/strong>&nbsp;(ASIP).<\/li>\n<\/ul>\n\n\n\n<p><strong>Un travail collectif<\/strong><\/p>\n\n\n\n<ul class=\"wp-block-list\">\n<li>Mis en ligne par le D\u00e9partement de l&rsquo;Ain, ce site internet grand public s&rsquo;inscrit dans le cadre de la Strat\u00e9gie nationale de pr\u00e9vention et de lutte contre la pauvret\u00e9, avec le soutien de l&rsquo;Etat.<\/li>\n<\/ul>\n\n\n\n<p><strong>Ce site s\u2019adresse&nbsp;:<\/strong><\/p>\n\n\n\n<ul class=\"wp-block-list\">\n<li>Aux&nbsp;<strong>Aindinois rencontrant des difficult\u00e9s<\/strong>&nbsp;et&nbsp;<strong>souhaitant trouver des solutions.<\/strong><\/li>\n\n\n\n<li>Aux <strong>b\u00e9n\u00e9voles et aux professionnels des structures sociales<\/strong>&nbsp;pour faciliter leur&nbsp;<strong>travail d\u2019accompagnement<\/strong>&nbsp;des usagers en pr\u00e9carit\u00e9<\/li>\n<\/ul>\n\n\n\n<p><strong>Trouvez de l&rsquo;aide pr\u00e8s de chez vous<\/strong><\/p>\n\n\n\n<p>Il suffit de quelques clics sur&nbsp;<a href=\"https:\/\/www.ainsolidarites.ain.fr\/\">www.ainsolidarites.ain.fr<\/a>&nbsp;pour trouver le service ou le soutien dont on a besoin :<\/p>\n\n\n\n<ul class=\"wp-block-list\">\n<li>La&nbsp;<strong>recherche<\/strong>&nbsp;peut se faire par&nbsp;<strong>mots clefs<\/strong>&nbsp;ou par&nbsp;<strong>th\u00e9matiques.<\/strong><\/li>\n\n\n\n<li>La&nbsp;<strong>g\u00e9olocalisation<\/strong>&nbsp;permet d&rsquo;<strong>identifier rapidement la structure la plus proche<\/strong>&nbsp;de chez soi, qui saura apporter aide et conseils.<\/li>\n<\/ul>\n\n\n\n<p><strong>Douze th\u00e9matiques&nbsp;:<\/strong><\/p>\n\n\n\n<ul class=\"wp-block-list\">\n<li>Acc\u00e8s aux droits<\/li>\n\n\n\n<li>Espaces d&rsquo;accueil<\/li>\n\n\n\n<li>Activit\u00e9s culturelles, sportives et loisirs<\/li>\n\n\n\n<li>Alimentation<\/li>\n\n\n\n<li>Budget-dettes<\/li>\n\n\n\n<li>Formation-emploi-b\u00e9n\u00e9volat<\/li>\n\n\n\n<li>Harc\u00e8lement-violence<\/li>\n\n\n\n<li>Hygi\u00e8ne-bien-\u00eatre et quotidien<\/li>\n\n\n\n<li>Logement-h\u00e9bergement<\/li>\n\n\n\n<li>Num\u00e9rique-t\u00e9l\u00e9phonie<\/li>\n\n\n\n<li>Sant\u00e9-services \u00e0 la personne<\/li>\n\n\n\n<li>Transport-mobilit\u00e9<\/li>\n<\/ul>\n\n\n\n<h2 class=\"wp-block-heading\">CAF &#8211; PARCOURS <strong>\u00ab\u00a0arriv\u00e9e de l&rsquo;enfant\u00a0\u00bb<\/strong><\/h2>\n\n\n\n<p><strong>Un nouveau parcours usagers a vu le jour : le parcours \u00ab\u00a0arriv\u00e9e de l&rsquo;enfant\u00a0\u00bb. Sa g\u00e9n\u00e9ralisation a d\u00e9marr\u00e9 en mars 2024 et la CAF de l&rsquo;Ain, en collaboration avec la CPAM de l&rsquo;Ain<\/strong>.<\/p>\n\n\n\n<p><strong>Pour permettre d&rsquo;accompagner au mieux les usagers, vous trouverez ci-dessous un ensemble de fiches memo parcours \u00ab\u00a0arriv\u00e9e de l&rsquo;enfant\u00a0\u00bb<\/strong> :<\/p>\n\n\n\n<ul class=\"wp-block-list\">\n<li><a href=\"http:\/\/mairie-saint-marcel.fr\/images\/divers\/fiche1.pdf\" data-type=\"link\" data-id=\"mairie-saint-marcel.fr\/images\/divers\/fiche1.pdf\" target=\"_blank\" rel=\"noreferrer noopener\">Je d\u00e9clare ma grossesse, la naissance, l&rsquo;adoption de mon enfant<\/a><\/li>\n\n\n\n<li><a href=\"http:\/\/mairie-saint-marcel.fr\/images\/divers\/fiche2.pdf\" data-type=\"link\" data-id=\"http:\/\/mairie-saint-marcel.fr\/images\/divers\/fiche2.pdf\" target=\"_blank\" rel=\"noreferrer noopener\">Je m&rsquo;informe sur les aides et sur mes droits<\/a><\/li>\n\n\n\n<li><a href=\"http:\/\/mairie-saint-marcel.fr\/images\/divers\/fiche3.pdf\" data-type=\"link\" data-id=\"http:\/\/mairie-saint-marcel.fr\/images\/divers\/fiche3.pdf\" target=\"_blank\" rel=\"noreferrer noopener\">Comment d\u00e9terminer votre besoin d&rsquo;accueil ?<\/a><\/li>\n\n\n\n<li><a href=\"http:\/\/mairie-saint-marcel.fr\/images\/divers\/fiche4.pdf\" data-type=\"link\" data-id=\"http:\/\/mairie-saint-marcel.fr\/images\/divers\/fiche4.pdf\" target=\"_blank\" rel=\"noreferrer noopener\">Aide \u00e0 domicile<\/a><\/li>\n\n\n\n<li><a href=\"http:\/\/mairie-saint-marcel.fr\/images\/divers\/fiche5.pdf\" data-type=\"link\" data-id=\"http:\/\/mairie-saint-marcel.fr\/images\/divers\/fiche5.pdf\" target=\"_blank\" rel=\"noreferrer noopener\">Aides financi\u00e8res<\/a> (PAJE)<\/li>\n\n\n\n<li><a href=\"http:\/\/mairie-saint-marcel.fr\/images\/divers\/fiche6.pdf\" target=\"_blank\" rel=\"noreferrer noopener\">Lieux d&rsquo;accueil enfants\/parents<\/a><\/li>\n\n\n\n<li><a href=\"http:\/\/mairie-saint-marcel.fr\/images\/divers\/fiche7.pdf\" data-type=\"link\" data-id=\"http:\/\/mairie-saint-marcel.fr\/images\/divers\/fiche7.pdf\" target=\"_blank\" rel=\"noreferrer noopener\">Ludoth\u00e8que<\/a><\/li>\n\n\n\n<li><a href=\"http:\/\/mairie-saint-marcel.fr\/images\/divers\/fiche8.pdf\" data-type=\"link\" data-id=\"http:\/\/mairie-saint-marcel.fr\/images\/divers\/fiche8.pdf\" target=\"_blank\" rel=\"noreferrer noopener\">Modes d&rsquo;accueil \/ Les cr\u00e8ches<\/a><\/li>\n\n\n\n<li><a href=\"http:\/\/mairie-saint-marcel.fr\/images\/divers\/fiche9.pdf\" data-type=\"link\" data-id=\"http:\/\/mairie-saint-marcel.fr\/images\/divers\/fiche9.pdf\" target=\"_blank\" rel=\"noreferrer noopener\">Modes d&rsquo;accueil \/ Les assistants maternels ou les gardes \u00e0 domicile<\/a><\/li>\n\n\n\n<li><a href=\"http:\/\/mairie-saint-marcel.fr\/images\/divers\/fiche10.pdf\" data-type=\"link\" data-id=\"http:\/\/mairie-saint-marcel.fr\/images\/divers\/fiche10.pdf\" target=\"_blank\" rel=\"noreferrer noopener\">MONENFANT.FR<\/a><\/li>\n\n\n\n<li><a href=\"http:\/\/mairie-saint-marcel.fr\/images\/divers\/fiche11.pdf\" data-type=\"link\" data-id=\"http:\/\/mairie-saint-marcel.fr\/images\/divers\/fiche11.pdf\" target=\"_blank\" rel=\"noreferrer noopener\">Protection maternelle et infantile<\/a><\/li>\n\n\n\n<li><a href=\"http:\/\/mairie-saint-marcel.fr\/images\/divers\/fiche12.pdf\" data-type=\"link\" data-id=\"http:\/\/mairie-saint-marcel.fr\/images\/divers\/fiche12.pdf\" target=\"_blank\" rel=\"noreferrer noopener\">Rendez-vous personnalis\u00e9<\/a><\/li>\n<\/ul>\n\n\n\n<h2 class=\"wp-block-heading\">ADAPA &#8211; SERVICES D&rsquo;AIDE \u00c0 LA PERSONNE<\/h2>\n\n\n\n<ul class=\"wp-block-list\">\n<li><a href=\"http:\/\/mairie-saint-marcel.fr\/images\/divers\/adapa1.pdf\" target=\"_blank\" rel=\"noreferrer noopener\">ADAP&rsquo;&amp;MOI<\/a> les <a href=\"http:\/\/mairie-saint-marcel.fr\/images\/divers\/adapa_thematiques.png\" target=\"_blank\" rel=\"noreferrer noopener\">diff\u00e9rentes th\u00e9matiques<\/a><\/li>\n\n\n\n<li><a href=\"http:\/\/mairie-saint-marcel.fr\/images\/divers\/repas_a_domicile.pdf\" target=\"_blank\" rel=\"noreferrer noopener\">Repas \u00e0 domicile<\/a><\/li>\n\n\n\n<li><a href=\"http:\/\/mairie-saint-marcel.fr\/images\/divers\/ADAPA1.pdf\" target=\"_blank\" rel=\"noreferrer noopener\">Aide \u00e0 la personne<\/a><\/li>\n\n\n\n<li><a href=\"http:\/\/mairie-saint-marcel.fr\/images\/divers\/ADAPA.pdf\" target=\"_blank\" rel=\"noreferrer noopener\">Les services<\/a><\/li>\n<\/ul>\n\n\n\n<p><\/p>\n","protected":false},"excerpt":{"rendered":"<p>Plaquette CLIC &#8211; Centre Locale d&rsquo;Informations et de Coordination Le Bureau Information Jeunesse (BIJ) est un lieu ressource pour les personnes \u00e2g\u00e9es de 13 \u00e0 30 ans, leurs familles et&hellip;<\/p>\n","protected":false},"author":3,"featured_media":0,"parent":0,"menu_order":0,"comment_status":"closed","ping_status":"closed","template":"","meta":{"footnotes":""},"class_list":["post-707","page","type-page","status-publish","hentry"],"_links":{"self":[{"href":"https:\/\/mairie-saint-marcel.fr\/index.php?rest_route=\/wp\/v2\/pages\/707","targetHints":{"allow":["GET"]}}],"collection":[{"href":"https:\/\/mairie-saint-marcel.fr\/index.php?rest_route=\/wp\/v2\/pages"}],"about":[{"href":"https:\/\/mairie-saint-marcel.fr\/index.php?rest_route=\/wp\/v2\/types\/page"}],"author":[{"embeddable":true,"href":"https:\/\/mairie-saint-marcel.fr\/index.php?rest_route=\/wp\/v2\/users\/3"}],"replies":[{"embeddable":true,"href":"https:\/\/mairie-saint-marcel.fr\/index.php?rest_route=%2Fwp%2Fv2%2Fcomments&post=707"}],"version-history":[{"count":81,"href":"https:\/\/mairie-saint-marcel.fr\/index.php?rest_route=\/wp\/v2\/pages\/707\/revisions"}],"predecessor-version":[{"id":3830,"href":"https:\/\/mairie-saint-marcel.fr\/index.php?rest_route=\/wp\/v2\/pages\/707\/revisions\/3830"}],"wp:attachment":[{"href":"https:\/\/mairie-saint-marcel.fr\/index.php?rest_route=%2Fwp%2Fv2%2Fmedia&parent=707"}],"curies":[{"name":"wp","href":"https:\/\/api.w.org\/{rel}","templated":true}]}}