{"id":848,"date":"2021-04-10T17:06:37","date_gmt":"2021-04-10T16:06:37","guid":{"rendered":"https:\/\/mairie-saint-marcel.fr\/?page_id=848"},"modified":"2021-04-10T17:15:22","modified_gmt":"2021-04-10T16:15:22","slug":"vaccination-covid19-centre-a-villars-les-dombes","status":"publish","type":"page","link":"https:\/\/mairie-saint-marcel.fr\/?page_id=848","title":{"rendered":"Vaccination COVID19 : Centre \u00e0 Villars les Dombes"},"content":{"rendered":"\n<p><strong>A compter du 12 Avril 2021, ouverture du centre de vaccination, \u00e0 la Halle des sports, 114 Rue de Dombes 01330 Villars les Dombes.<\/strong><\/p>\n\n\n\n<div class=\"wp-block-image\"><figure class=\"alignright size-large is-resized\"><img loading=\"lazy\" decoding=\"async\" src=\"https:\/\/mairie-saint-marcel.fr\/wp-content\/uploads\/2021\/04\/covid.png\" alt=\"\" class=\"wp-image-849\" width=\"164\" height=\"156\" srcset=\"https:\/\/mairie-saint-marcel.fr\/wp-content\/uploads\/2021\/04\/covid.png 400w, https:\/\/mairie-saint-marcel.fr\/wp-content\/uploads\/2021\/04\/covid-300x285.png 300w, https:\/\/mairie-saint-marcel.fr\/wp-content\/uploads\/2021\/04\/covid-140x133.png 140w\" sizes=\"auto, (max-width: 164px) 100vw, 164px\" \/><\/figure><\/div>\n\n\n\n<p><strong>Lundi, mardi, mercredi et vendredi matin ainsi que le jeudi apr\u00e8s-midi.<\/strong><\/p>\n\n\n\n<p>Les personnes qui peuvent \u00eatre vaccin\u00e9es d\u00e8s maintenant sont&nbsp;:<br>\u2022 les personnes de 70 ans et plus<br>\u2022 les personnes majeures souffrant d\u2019une pathologie \u00e0 tr\u00e8s haut risque de d\u00e9velopper une forme grave de Covid-19<br>\u2022 les personnes de 50 \u00e0 69 ans inclus souffrant d\u2019au moins une comorbidit\u00e9<br>\u2022 les r\u00e9sidents de 60 ans et plus dans les foyers de travailleurs migrants (FTM)<br>\u2022 professionnels du secteur de la sant\u00e9 et du secteur m\u00e9dico-social<\/p>\n\n\n\n<p><strong>Les rendez-vous sont \u00e0 prendre en ligne&nbsp;: <a href=\"https:\/\/www.maiia.com\/\">https:\/\/www.maiia.com<\/a><\/strong><\/p>\n\n\n\n<p>Vaccin laboratoires PFIZER et BioNTech \u2013<\/p>\n\n\n\n<p>Attention, il faut imp\u00e9rativement une 2\u00e8me injection entre le 26\u00e8me et 28\u00e8me jour.<\/p>\n\n\n\n<h4 class=\"wp-block-heading\"><strong><span class=\"has-inline-color has-vivid-red-color\">Aucune prise de rendez-vous n\u2019est possible sur place.<\/span><\/strong><\/h4>\n\n\n\n<h4 class=\"wp-block-heading\">Alternative: trouver d&rsquo;autres disponibilit\u00e9s sur \u00ab\u00a0<a rel=\"noreferrer noopener\" href=\"https:\/\/covidtracker.fr\/vitemadose\/#dep-01\" target=\"_blank\">vite ma dose<\/a>\u00ab\u00a0<\/h4>\n\n\n\n<p>Prenez soin de vous et de vos proches!<\/p>\n","protected":false},"excerpt":{"rendered":"<p>A compter du 12 Avril 2021, ouverture du centre de vaccination, \u00e0 la Halle des sports, 114 Rue de Dombes 01330 Villars les Dombes. Lundi, mardi, mercredi et vendredi matin&hellip;<\/p>\n","protected":false},"author":3,"featured_media":0,"parent":0,"menu_order":0,"comment_status":"closed","ping_status":"closed","template":"","meta":{"footnotes":""},"class_list":["post-848","page","type-page","status-publish","hentry"],"_links":{"self":[{"href":"https:\/\/mairie-saint-marcel.fr\/index.php?rest_route=\/wp\/v2\/pages\/848","targetHints":{"allow":["GET"]}}],"collection":[{"href":"https:\/\/mairie-saint-marcel.fr\/index.php?rest_route=\/wp\/v2\/pages"}],"about":[{"href":"https:\/\/mairie-saint-marcel.fr\/index.php?rest_route=\/wp\/v2\/types\/page"}],"author":[{"embeddable":true,"href":"https:\/\/mairie-saint-marcel.fr\/index.php?rest_route=\/wp\/v2\/users\/3"}],"replies":[{"embeddable":true,"href":"https:\/\/mairie-saint-marcel.fr\/index.php?rest_route=%2Fwp%2Fv2%2Fcomments&post=848"}],"version-history":[{"count":2,"href":"https:\/\/mairie-saint-marcel.fr\/index.php?rest_route=\/wp\/v2\/pages\/848\/revisions"}],"predecessor-version":[{"id":853,"href":"https:\/\/mairie-saint-marcel.fr\/index.php?rest_route=\/wp\/v2\/pages\/848\/revisions\/853"}],"wp:attachment":[{"href":"https:\/\/mairie-saint-marcel.fr\/index.php?rest_route=%2Fwp%2Fv2%2Fmedia&parent=848"}],"curies":[{"name":"wp","href":"https:\/\/api.w.org\/{rel}","templated":true}]}}